{"id":1080,"date":"2018-03-13T10:06:32","date_gmt":"2018-03-13T09:06:32","guid":{"rendered":"https:\/\/alt.bzi-rs.de\/?page_id=1080"},"modified":"2023-09-05T15:22:54","modified_gmt":"2023-09-05T13:22:54","slug":"foerdermoeglichkeiten","status":"publish","type":"page","link":"https:\/\/alt.bzi-rs.de\/index.php\/foerdermoeglichkeiten\/","title":{"rendered":"F\u00f6rderm\u00f6glichkeiten"},"content":{"rendered":"<div class=\"fusion-fullwidth fullwidth-box fusion-builder-row-1 nonhundred-percent-fullwidth non-hundred-percent-height-scrolling\" style=\"background-color: rgba(255,255,255,0);background-position: center center;background-repeat: no-repeat;padding-top:0px;padding-right:0px;padding-bottom:0px;padding-left:0px;margin-bottom: 0px;margin-top: 0px;border-width: 0px 0px 0px 0px;border-color:#eae9e9;border-style:solid;\" ><div class=\"fusion-builder-row fusion-row\"><div class=\"fusion-layout-column fusion_builder_column fusion-builder-column-0 fusion_builder_column_1_1 1_1 fusion-one-full fusion-column-first fusion-column-last\" style=\"margin-top:0px;margin-bottom:0px;\"><div class=\"fusion-column-wrapper fusion-flex-column-wrapper-legacy\" style=\"background-position:left top;background-repeat:no-repeat;-webkit-background-size:cover;-moz-background-size:cover;-o-background-size:cover;background-size:cover;padding: 0px 0px 0px 0px;\"><style type=\"text\/css\"><\/style><div class=\"fusion-title title fusion-title-1 fusion-sep-none fusion-title-text fusion-title-size-two\" style=\"margin-top:0px;margin-right:0px;margin-bottom:15px;margin-left:0px;\"><h2 class=\"title-heading-left\" style=\"margin:0;\">F\u00f6rderm\u00f6glichkeiten<\/h2><\/div><div class=\"fusion-text fusion-text-1\"><p>Ihre berufliche Qualifizierung und die Ihrer Mitarbeiter ist eine Investition in die Zukunft.<br \/>\nArbeitnehmer und Unternehmen k\u00f6nnen folgende F\u00f6rdermittel des Landes NRW, des Bundes und der Europ\u00e4ischen Union beantragen:<\/p>\n<\/div><style type=\"text\/css\">#accordion-1080-1 .fusion-panel:hover, #accordion-1080-1 .fusion-panel.hover{ background-color: #f2f2f2 } #accordion-1080-1 .fusion-panel { border-color:#dbdbdb; border-width:1px; background-color:#ffffff; }.fusion-accordian  #accordion-1080-1 .panel-title a .fa-fusion-box{ color: #ffffff;}.fusion-accordian  #accordion-1080-1 .panel-title a .fa-fusion-box:before{ font-size: 13px; width: 13px;}.fusion-accordian  #accordion-1080-1 .panel-title a{font-size:12px;}.fusion-accordian  #accordion-1080-1 .fa-fusion-box { background-color: #006ab3;border-color: #006ab3;}.fusion-accordian  #accordion-1080-1 .panel-title a:hover, #accordion-1080-1 .fusion-toggle-boxed-mode:hover .panel-title a { color: #006ab3;}.fusion-accordian  #accordion-1080-1 .panel-title .active .fa-fusion-box,.fusion-accordian  #accordion-1080-1 .panel-title a:hover .fa-fusion-box { background-color: #006ab3!important;border-color: #006ab3!important;}<\/style><div class=\"accordian fusion-accordian\"><div class=\"panel-group\" id=\"accordion-1080-1\"><div class=\"fusion-panel panel-default fusion-toggle-no-divider fusion-toggle-boxed-mode\"><div class=\"panel-heading\"><h4 class=\"panel-title toggle\"><a aria-expanded=\"false\" aria-controls=\"673cf310f9a48d3db\" role=\"button\" data-toggle=\"collapse\" data-parent=\"#accordion-1080-1\" data-target=\"#673cf310f9a48d3db\" href=\"#673cf310f9a48d3db\"><span class=\"fusion-toggle-icon-wrapper\" aria-hidden=\"true\"><i class=\"fa-fusion-box\" aria-hidden=\"true\"><\/i><\/span><span class=\"fusion-toggle-heading\">F\u00f6rderung f\u00fcr die berufliche Weiterbildung von Erwerbst\u00e4tigen<\/span><\/a><\/h4><\/div><div id=\"673cf310f9a48d3db\" class=\"panel-collapse collapse \"><div class=\"panel-body toggle-content fusion-clearfix\">\n<p><a href=\"https:\/\/www.mags.nrw\/beratung-zur-beruflichen-entwicklung\" target=\"_blank\" rel=\"noopener\">\u00bb Beratung zur beruflichen Entwicklung<\/a><br \/>\n<a href=\"https:\/\/www.weiterbildungsberatung.nrw\/themen\/anerkennung-auslaendischer-qualifikationen\" target=\"_blank\" rel=\"noopener noreferrer\">\u00bb Fachberatung zur Anerkennung vom im Ausland erworbener Berufsqualifikationen<\/a><br \/>\n<a href=\"https:\/\/www.mags.nrw\/bildungsscheck\" target=\"_blank\" rel=\"noopener\">\u00bb Bildungsscheck NRW\u00a0<\/a><\/p>\n<p><img decoding=\"async\" class=\"alignright size-full wp-image-14381\" src=\"https:\/\/alt.bzi-rs.de\/wp-content\/uploads\/2023\/09\/esf-foerderlogos_21-27_eu-mags_foerdersatz_cmyk.jpg\" alt=\"\" width=\"2363\" height=\"532\" srcset=\"https:\/\/alt.bzi-rs.de\/wp-content\/uploads\/2023\/09\/esf-foerderlogos_21-27_eu-mags_foerdersatz_cmyk-200x45.jpg 200w, https:\/\/alt.bzi-rs.de\/wp-content\/uploads\/2023\/09\/esf-foerderlogos_21-27_eu-mags_foerdersatz_cmyk-300x68.jpg 300w, https:\/\/alt.bzi-rs.de\/wp-content\/uploads\/2023\/09\/esf-foerderlogos_21-27_eu-mags_foerdersatz_cmyk-400x90.jpg 400w, https:\/\/alt.bzi-rs.de\/wp-content\/uploads\/2023\/09\/esf-foerderlogos_21-27_eu-mags_foerdersatz_cmyk-600x135.jpg 600w, https:\/\/alt.bzi-rs.de\/wp-content\/uploads\/2023\/09\/esf-foerderlogos_21-27_eu-mags_foerdersatz_cmyk-768x173.jpg 768w, https:\/\/alt.bzi-rs.de\/wp-content\/uploads\/2023\/09\/esf-foerderlogos_21-27_eu-mags_foerdersatz_cmyk-800x180.jpg 800w, https:\/\/alt.bzi-rs.de\/wp-content\/uploads\/2023\/09\/esf-foerderlogos_21-27_eu-mags_foerdersatz_cmyk-1024x231.jpg 1024w, https:\/\/alt.bzi-rs.de\/wp-content\/uploads\/2023\/09\/esf-foerderlogos_21-27_eu-mags_foerdersatz_cmyk-1200x270.jpg 1200w, https:\/\/alt.bzi-rs.de\/wp-content\/uploads\/2023\/09\/esf-foerderlogos_21-27_eu-mags_foerdersatz_cmyk-1536x346.jpg 1536w, https:\/\/alt.bzi-rs.de\/wp-content\/uploads\/2023\/09\/esf-foerderlogos_21-27_eu-mags_foerdersatz_cmyk.jpg 2363w\" sizes=\"(max-width: 2363px) 100vw, 2363px\" \/><\/p>\n<hr style=\"height: 1px; border-width: 0; color: #dbd9d9; background-color: #dbd9d9;\" \/>\n<p><a href=\"https:\/\/www.bildungspraemie.info\/\" target=\"_blank\" rel=\"noopener noreferrer\">\u00bb Pr\u00e4miengutschein<\/a><br \/>\n<a href=\"https:\/\/www.bildungspraemie.info\/\" target=\"_blank\" rel=\"noopener noreferrer\">\u00bb Bildungssparen<\/a><\/p>\n<p><img decoding=\"async\" class=\"wp-image-6916\" src=\"https:\/\/alt.bzi-rs.de\/wp-content\/uploads\/2019\/12\/Bildungspr\u00e4mien-logo.jpg\" alt=\"\" width=\"698\" height=\"116\" srcset=\"https:\/\/alt.bzi-rs.de\/wp-content\/uploads\/2019\/12\/Bildungspr\u00e4mien-logo-200x33.jpg 200w, https:\/\/alt.bzi-rs.de\/wp-content\/uploads\/2019\/12\/Bildungspr\u00e4mien-logo-300x50.jpg 300w, https:\/\/alt.bzi-rs.de\/wp-content\/uploads\/2019\/12\/Bildungspr\u00e4mien-logo-400x66.jpg 400w, https:\/\/alt.bzi-rs.de\/wp-content\/uploads\/2019\/12\/Bildungspr\u00e4mien-logo-600x100.jpg 600w, https:\/\/alt.bzi-rs.de\/wp-content\/uploads\/2019\/12\/Bildungspr\u00e4mien-logo-768x127.jpg 768w, https:\/\/alt.bzi-rs.de\/wp-content\/uploads\/2019\/12\/Bildungspr\u00e4mien-logo-800x133.jpg 800w, https:\/\/alt.bzi-rs.de\/wp-content\/uploads\/2019\/12\/Bildungspr\u00e4mien-logo-1024x170.jpg 1024w, https:\/\/alt.bzi-rs.de\/wp-content\/uploads\/2019\/12\/Bildungspr\u00e4mien-logo-1200x199.jpg 1200w, https:\/\/alt.bzi-rs.de\/wp-content\/uploads\/2019\/12\/Bildungspr\u00e4mien-logo.jpg 1350w\" sizes=\"(max-width: 698px) 100vw, 698px\" \/><\/p>\n<hr style=\"height: 1px; border-width: 0; color: #dbd9d9; background-color: #dbd9d9;\" \/>\n<p><a href=\"https:\/\/www.wegebau.de\/\" target=\"_blank\" rel=\"noopener\">\u00bb WeGebAU<\/a><br \/>\n<a href=\"https:\/\/www.bmas.de\/DE\/Corona\/Fragen-und-Antworten\/Fragen-und-Antworten-KUG\/faq-kug-kurzarbeit-und-qualifizierung.html\" target=\"_blank\" rel=\"noopener\">\u00bb Qualifizierung bei Kurzarbeit<\/a><br \/>\n<a href=\"https:\/\/alt.bzi-rs.de\/wp-content\/uploads\/2019\/03\/Kundeninformation_Maerz_2019_21.pdf\" target=\"_blank\" rel=\"noopener noreferrer\">\u00bb Informationen zum Qualifizierungschancengesetz<\/a><\/p>\n<\/div><\/div><\/div><div class=\"fusion-panel panel-default fusion-toggle-no-divider fusion-toggle-boxed-mode\"><div class=\"panel-heading\"><h4 class=\"panel-title toggle\"><a aria-expanded=\"false\" aria-controls=\"d99a154b8a0bf4011\" role=\"button\" data-toggle=\"collapse\" data-parent=\"#accordion-1080-1\" data-target=\"#d99a154b8a0bf4011\" href=\"#d99a154b8a0bf4011\"><span class=\"fusion-toggle-icon-wrapper\" aria-hidden=\"true\"><i class=\"fa-fusion-box\" aria-hidden=\"true\"><\/i><\/span><span class=\"fusion-toggle-heading\">F\u00f6rderung f\u00fcr die aufstiegsorientierte berufliche Weiterbildung<\/span><\/a><\/h4><\/div><div id=\"d99a154b8a0bf4011\" class=\"panel-collapse collapse \"><div class=\"panel-body toggle-content fusion-clearfix\">\n<p><a href=\"https:\/\/www.aufstiegs-bafoeg.de\/\" target=\"_blank\" rel=\"noopener noreferrer\">\u00bb Aufstiegs-BAf\u00f6G<\/a><br \/>\n<a href=\"https:\/\/www.sbb-stipendien.de\/sbb.html\" target=\"_blank\" rel=\"noopener noreferrer\">\u00bb Begabtenf\u00f6rderung berufliche Bildung<\/a><br \/>\n<a href=\"https:\/\/www.sbb-stipendien.de\/aufstiegsstipendium.html\" target=\"_blank\" rel=\"noopener noreferrer\">\u00bb Aufstiegsstipendium<\/a><\/p>\n<\/div><\/div><\/div><div class=\"fusion-panel panel-default fusion-toggle-no-divider fusion-toggle-boxed-mode\"><div class=\"panel-heading\"><h4 class=\"panel-title toggle\"><a aria-expanded=\"false\" aria-controls=\"36bf136925f7ab997\" role=\"button\" data-toggle=\"collapse\" data-parent=\"#accordion-1080-1\" data-target=\"#36bf136925f7ab997\" href=\"#36bf136925f7ab997\"><span class=\"fusion-toggle-icon-wrapper\" aria-hidden=\"true\"><i class=\"fa-fusion-box\" aria-hidden=\"true\"><\/i><\/span><span class=\"fusion-toggle-heading\">F\u00f6rderung f\u00fcr die berufliche Weiterbildung zur Eingliederung in den Arbeitsmarkt<\/span><\/a><\/h4><\/div><div id=\"36bf136925f7ab997\" class=\"panel-collapse collapse \"><div class=\"panel-body toggle-content fusion-clearfix\">\n<p><a href=\"https:\/\/www.arbeitsagentur.de\/Bildungsgutschein\" target=\"_blank\" rel=\"noopener\">\u00bb Bildungsgutschein<\/a><br \/>\n<a href=\"https:\/\/www.arbeitsagentur.de\/\" target=\"_blank\" rel=\"noopener noreferrer\">\u00bb Ma\u00dfnahmen zur Aktivierung und berufl. Eingliederung<\/a><\/p>\n<\/div><\/div><\/div><div class=\"fusion-panel panel-default fusion-toggle-no-divider fusion-toggle-boxed-mode\"><div class=\"panel-heading\"><h4 class=\"panel-title toggle\"><a aria-expanded=\"false\" aria-controls=\"1dfa9128d4c42610e\" role=\"button\" data-toggle=\"collapse\" data-parent=\"#accordion-1080-1\" data-target=\"#1dfa9128d4c42610e\" href=\"#1dfa9128d4c42610e\"><span class=\"fusion-toggle-icon-wrapper\" aria-hidden=\"true\"><i class=\"fa-fusion-box\" aria-hidden=\"true\"><\/i><\/span><span class=\"fusion-toggle-heading\">F\u00f6rderung der Verbundausbildung<\/span><\/a><\/h4><\/div><div id=\"1dfa9128d4c42610e\" class=\"panel-collapse collapse \"><div class=\"panel-body toggle-content fusion-clearfix\">\n<p><a href=\"https:\/\/www.bmbf.de\/de\/das-sollten-kmu-jetzt-wissen-11839.html\" target=\"_blank\" rel=\"noopener\">\u00bb F\u00f6rderung der Verbundausbildung<\/a><\/p>\n<\/div><\/div><\/div><div class=\"fusion-panel panel-default fusion-toggle-no-divider fusion-toggle-boxed-mode\"><div class=\"panel-heading\"><h4 class=\"panel-title toggle\"><a aria-expanded=\"false\" aria-controls=\"a96668a335f1ed44b\" role=\"button\" data-toggle=\"collapse\" data-parent=\"#accordion-1080-1\" data-target=\"#a96668a335f1ed44b\" href=\"#a96668a335f1ed44b\"><span class=\"fusion-toggle-icon-wrapper\" aria-hidden=\"true\"><i class=\"fa-fusion-box\" aria-hidden=\"true\"><\/i><\/span><span class=\"fusion-toggle-heading\">Bildungsurlaub<\/span><\/a><\/h4><\/div><div id=\"a96668a335f1ed44b\" class=\"panel-collapse collapse \"><div class=\"panel-body toggle-content fusion-clearfix\">\n<p><a href=\"https:\/\/www.bildungsurlaub.de\/infos.php?id_seite=26&amp;seo_titel=nrw\" target=\"_blank\" rel=\"noopener\">\u00bb Bildungsurlaub NRW<\/a><\/p>\n<\/div><\/div><\/div><\/div><\/div><div class=\"fusion-section-separator section-separator triangle fusion-section-separator-1\"><div class=\"fusion-section-separator-svg\" style=\"border-bottom:1px solid #dbdbdb;margin-left: 0px;margin-right: 0px;\"><div class=\"divider-candy-arrow bottom\" style=\"top:0px;border-top-color: #f6f6f6;\"><\/div><div class=\"divider-candy bottom\" style=\"bottom:-21px;border-bottom:1px solid #dbdbdb;border-left:1px solid #dbdbdb;\"><\/div><\/div><div class=\"fusion-section-separator-spacer\"><div class=\"fusion-section-separator-spacer-height\" style=\"height:1px;\"><\/div><\/div><\/div><div class=\"fusion-sep-clear\"><\/div><div class=\"fusion-separator fusion-full-width-sep\" style=\"margin-left: auto;margin-right: auto;margin-top:40px;width:100%;\"><\/div><div class=\"fusion-sep-clear\"><\/div><div class=\"fusion-clearfix\"><\/div><\/div><\/div><\/div><\/div>\n","protected":false},"excerpt":{"rendered":"","protected":false},"author":1,"featured_media":0,"parent":0,"menu_order":196,"comment_status":"closed","ping_status":"closed","template":"","meta":{"footnotes":""},"_links":{"self":[{"href":"https:\/\/alt.bzi-rs.de\/index.php\/wp-json\/wp\/v2\/pages\/1080"}],"collection":[{"href":"https:\/\/alt.bzi-rs.de\/index.php\/wp-json\/wp\/v2\/pages"}],"about":[{"href":"https:\/\/alt.bzi-rs.de\/index.php\/wp-json\/wp\/v2\/types\/page"}],"author":[{"embeddable":true,"href":"https:\/\/alt.bzi-rs.de\/index.php\/wp-json\/wp\/v2\/users\/1"}],"replies":[{"embeddable":true,"href":"https:\/\/alt.bzi-rs.de\/index.php\/wp-json\/wp\/v2\/comments?post=1080"}],"version-history":[{"count":92,"href":"https:\/\/alt.bzi-rs.de\/index.php\/wp-json\/wp\/v2\/pages\/1080\/revisions"}],"predecessor-version":[{"id":14382,"href":"https:\/\/alt.bzi-rs.de\/index.php\/wp-json\/wp\/v2\/pages\/1080\/revisions\/14382"}],"wp:attachment":[{"href":"https:\/\/alt.bzi-rs.de\/index.php\/wp-json\/wp\/v2\/media?parent=1080"}],"curies":[{"name":"wp","href":"https:\/\/api.w.org\/{rel}","templated":true}]}}