{"id":1082,"date":"2018-03-13T10:07:52","date_gmt":"2018-03-13T09:07:52","guid":{"rendered":"https:\/\/alt.bzi-rs.de\/?page_id=1082"},"modified":"2020-03-24T12:43:39","modified_gmt":"2020-03-24T11:43:39","slug":"ausbildung-in-deutschland-verschiedene-sprachen","status":"publish","type":"page","link":"https:\/\/alt.bzi-rs.de\/index.php\/ausbildung-in-deutschland-verschiedene-sprachen\/","title":{"rendered":"Ausbildung in Deutschland &#8211; verschiedene Sprachen"},"content":{"rendered":"<div class=\"fusion-fullwidth fullwidth-box fusion-builder-row-1 nonhundred-percent-fullwidth non-hundred-percent-height-scrolling\" style=\"background-color: rgba(255,255,255,0);background-position: center center;background-repeat: no-repeat;padding-top:0px;padding-right:0px;padding-bottom:0px;padding-left:0px;margin-bottom: 0px;margin-top: 0px;border-width: 0px 0px 0px 0px;border-color:#eae9e9;border-style:solid;\" ><div class=\"fusion-builder-row fusion-row\"><div class=\"fusion-layout-column fusion_builder_column fusion-builder-column-0 fusion_builder_column_1_1 1_1 fusion-one-full fusion-column-first fusion-column-last\" style=\"margin-top:0px;margin-bottom:0px;\"><div class=\"fusion-column-wrapper fusion-flex-column-wrapper-legacy\" style=\"background-position:left top;background-repeat:no-repeat;-webkit-background-size:cover;-moz-background-size:cover;-o-background-size:cover;background-size:cover;padding: 0px 0px 0px 0px;\"><div class=\"fusion-clearfix\"><\/div><\/div><\/div><div class=\"fusion-layout-column fusion_builder_column fusion-builder-column-1 fusion_builder_column_1_1 1_1 fusion-one-full fusion-column-first fusion-column-last\" style=\"margin-top:0px;margin-bottom:0px;\"><div class=\"fusion-column-wrapper fusion-flex-column-wrapper-legacy\" style=\"background-position:left top;background-repeat:no-repeat;-webkit-background-size:cover;-moz-background-size:cover;-o-background-size:cover;background-size:cover;padding: 0px 0px 0px 0px;\"><style type=\"text\/css\"><\/style><div class=\"fusion-title title fusion-title-1 fusion-sep-none fusion-title-text fusion-title-size-two\" style=\"margin-top:0px;margin-right:0px;margin-bottom:31px;margin-left:0px;\"><h2 class=\"title-heading-left\" style=\"margin:0;\">Elternratgeber: Ausbildung in Deutschland<\/h2><\/div><div class=\"fusion-text fusion-text-1\"><p>Zugewanderte Eltern unterst\u00fctzen ihre Kinder beim Einstieg ins Berufsleben<\/p>\n<p>Die folgenden Brosch\u00fcren stellen Eltern, die nach Deutschland zugewandert sind, die Bildungsangebote in unserem Land vor. Sie erfahren hier, wie das deutsche Ausbildungssystem funktioniert, wie Sie Ihr Kind bei der Berufswahl unterst\u00fctzen k\u00f6nnen und wo Sie als Eltern selbst Rat und Unterst\u00fctzung finden. Und Familien aus verschiedenen L\u00e4ndern berichten, wie sie ihr Kind beim \u00dcbergang von der Schule in den Beruf beraten und begleitet haben.<\/p>\n<p>Die Ratgeber liegen in den folgenden Sprachen vor:<\/p>\n<ul>\n<li><a href=\"https:\/\/www.bmbf.de\/publikationen\/?E=31297\">deutsch &#8211; arabisch<\/a><\/li>\n<li><a href=\"https:\/\/www.bmbf.de\/publikationen\/?E=31297\">deutsch &#8211; bosnisch, kroatisch, serbisch<\/a><\/li>\n<li><a href=\"https:\/\/www.bmbf.de\/publikationen\/?E=31297\">deutsch &#8211; englisch<\/a><\/li>\n<li><a href=\"https:\/\/www.bmbf.de\/publikationen\/?E=31297\">deutsch &#8211; griechisch<\/a><\/li>\n<li><a href=\"https:\/\/www.bmbf.de\/publikationen\/?E=31297\">deutsch &#8211; italienisch<\/a><\/li>\n<li><a href=\"https:\/\/www.bmbf.de\/publikationen\/?E=31297\">deutsch &#8211; polnisch<\/a><\/li>\n<li><a href=\"https:\/\/www.bmbf.de\/publikationen\/?E=31297\">deutsch &#8211; russisch<\/a><\/li>\n<li><a href=\"https:\/\/www.bmbf.de\/publikationen\/?E=31297\">deutsch &#8211; spanisch<\/a><\/li>\n<li><a href=\"https:\/\/www.bmbf.de\/publikationen\/?E=31297\">deutsch &#8211; t\u00fcrkisch<\/a><\/li>\n<\/ul>\n<p>Herausgeber der Brosch\u00fcren ist die<br \/>\nProgrammstelle beim Bundesinstitut f\u00fcr Berufsbildung (BIBB)<br \/>\nf\u00fcr das Programm JOBSTARTER<br \/>\ndes Bundesministeriums f\u00fcr Bildung und Forschung (BMBF)<br \/>\nRobert-Schuman-Platz 3<br \/>\n53175 Bonn<br \/>\nTelefon: 02 28 &#8211;\u00a0 107 &#8211; 29 09<br \/>\nFax: 02 28 &#8211;\u00a0 107 &#8211; 28 87<br \/>\nE-Mail: info@jobstarter.de<br \/>\nwww.jobstarter.de<\/p>\n<\/div><div class=\"fusion-clearfix\"><\/div><\/div><\/div><\/div><\/div>\n","protected":false},"excerpt":{"rendered":"","protected":false},"author":1,"featured_media":0,"parent":0,"menu_order":195,"comment_status":"closed","ping_status":"closed","template":"","meta":{"footnotes":""},"_links":{"self":[{"href":"https:\/\/alt.bzi-rs.de\/index.php\/wp-json\/wp\/v2\/pages\/1082"}],"collection":[{"href":"https:\/\/alt.bzi-rs.de\/index.php\/wp-json\/wp\/v2\/pages"}],"about":[{"href":"https:\/\/alt.bzi-rs.de\/index.php\/wp-json\/wp\/v2\/types\/page"}],"author":[{"embeddable":true,"href":"https:\/\/alt.bzi-rs.de\/index.php\/wp-json\/wp\/v2\/users\/1"}],"replies":[{"embeddable":true,"href":"https:\/\/alt.bzi-rs.de\/index.php\/wp-json\/wp\/v2\/comments?post=1082"}],"version-history":[{"count":7,"href":"https:\/\/alt.bzi-rs.de\/index.php\/wp-json\/wp\/v2\/pages\/1082\/revisions"}],"predecessor-version":[{"id":7705,"href":"https:\/\/alt.bzi-rs.de\/index.php\/wp-json\/wp\/v2\/pages\/1082\/revisions\/7705"}],"wp:attachment":[{"href":"https:\/\/alt.bzi-rs.de\/index.php\/wp-json\/wp\/v2\/media?parent=1082"}],"curies":[{"name":"wp","href":"https:\/\/api.w.org\/{rel}","templated":true}]}}