{"id":11489,"date":"2021-10-26T12:59:50","date_gmt":"2021-10-26T10:59:50","guid":{"rendered":"https:\/\/alt.bzi-rs.de\/?page_id=11489"},"modified":"2021-10-26T13:03:41","modified_gmt":"2021-10-26T11:03:41","slug":"sicher-auf-drei-rollen","status":"publish","type":"page","link":"https:\/\/alt.bzi-rs.de\/index.php\/sicher-auf-drei-rollen\/","title":{"rendered":"Sicher auf drei Rollen"},"content":{"rendered":"<div class=\"fusion-fullwidth fullwidth-box fusion-builder-row-1 fusion-flex-container nonhundred-percent-fullwidth non-hundred-percent-height-scrolling\" style=\"background-color: rgba(255,255,255,0);background-position: center center;background-repeat: no-repeat;border-width: 0px 0px 0px 0px;border-color:#eae9e9;border-style:solid;\" ><div class=\"fusion-builder-row fusion-row fusion-flex-align-items-flex-start\" style=\"max-width:1248px;margin-left: calc(-4% \/ 2 );margin-right: calc(-4% \/ 2 );\"><div class=\"fusion-layout-column fusion_builder_column fusion-builder-column-0 fusion_builder_column_1_1 1_1 fusion-flex-column\"><div class=\"fusion-column-wrapper fusion-flex-justify-content-flex-start fusion-content-layout-column\" style=\"background-position:left top;background-repeat:no-repeat;-webkit-background-size:cover;-moz-background-size:cover;-o-background-size:cover;background-size:cover;padding: 0px 0px 0px 0px;\"><div class=\"fusion-text fusion-text-1\"><h2><strong>Sicher auf drei Rollen<\/strong><\/h2>\n<p><strong>\u201eFr\u00fchaufsteher\u201c bauen ihr eigenes Kickboard. <\/strong><\/p>\n<p><img decoding=\"async\" class=\"alignleft wp-image-11496\" src=\"https:\/\/alt.bzi-rs.de\/wp-content\/uploads\/2021\/10\/kick6.jpg\" alt=\"\" width=\"244\" height=\"244\" srcset=\"https:\/\/alt.bzi-rs.de\/wp-content\/uploads\/2021\/10\/kick6-66x66.jpg 66w, https:\/\/alt.bzi-rs.de\/wp-content\/uploads\/2021\/10\/kick6-150x150.jpg 150w, https:\/\/alt.bzi-rs.de\/wp-content\/uploads\/2021\/10\/kick6-200x200.jpg 200w, https:\/\/alt.bzi-rs.de\/wp-content\/uploads\/2021\/10\/kick6-300x300.jpg 300w, https:\/\/alt.bzi-rs.de\/wp-content\/uploads\/2021\/10\/kick6-400x400.jpg 400w, https:\/\/alt.bzi-rs.de\/wp-content\/uploads\/2021\/10\/kick6.jpg 600w\" sizes=\"(max-width: 244px) 100vw, 244px\" \/><img decoding=\"async\" class=\"alignleft wp-image-11493\" src=\"https:\/\/alt.bzi-rs.de\/wp-content\/uploads\/2021\/10\/kick3.jpg\" alt=\"\" width=\"246\" height=\"246\" srcset=\"https:\/\/alt.bzi-rs.de\/wp-content\/uploads\/2021\/10\/kick3-66x66.jpg 66w, https:\/\/alt.bzi-rs.de\/wp-content\/uploads\/2021\/10\/kick3-150x150.jpg 150w, https:\/\/alt.bzi-rs.de\/wp-content\/uploads\/2021\/10\/kick3-200x200.jpg 200w, https:\/\/alt.bzi-rs.de\/wp-content\/uploads\/2021\/10\/kick3-300x300.jpg 300w, https:\/\/alt.bzi-rs.de\/wp-content\/uploads\/2021\/10\/kick3-400x400.jpg 400w, https:\/\/alt.bzi-rs.de\/wp-content\/uploads\/2021\/10\/kick3.jpg 600w\" sizes=\"(max-width: 246px) 100vw, 246px\" \/><img decoding=\"async\" class=\"alignleft wp-image-11492\" src=\"https:\/\/alt.bzi-rs.de\/wp-content\/uploads\/2021\/10\/kick2.jpg\" alt=\"\" width=\"246\" height=\"246\" srcset=\"https:\/\/alt.bzi-rs.de\/wp-content\/uploads\/2021\/10\/kick2-66x66.jpg 66w, https:\/\/alt.bzi-rs.de\/wp-content\/uploads\/2021\/10\/kick2-150x150.jpg 150w, https:\/\/alt.bzi-rs.de\/wp-content\/uploads\/2021\/10\/kick2-200x200.jpg 200w, https:\/\/alt.bzi-rs.de\/wp-content\/uploads\/2021\/10\/kick2-300x300.jpg 300w, https:\/\/alt.bzi-rs.de\/wp-content\/uploads\/2021\/10\/kick2-400x400.jpg 400w, https:\/\/alt.bzi-rs.de\/wp-content\/uploads\/2021\/10\/kick2.jpg 600w\" sizes=\"(max-width: 246px) 100vw, 246px\" \/>Statt Ausschlafen und M\u00fc\u00dfiggang ging`s f\u00fcr Jason, Ben, Niklas, Jamie, Mike, Tyler, Sam und Tilo zu fr\u00fcher Stunde ins BZI. Die letzte Woche ihrer Herbstferien verbrachten die Sch\u00fcler der Nelson-Mandela-Schule im Berufsbildungszentrum der Industrie, um im Rahmen des Projekts \u201eFr\u00fchaufsteher\u201c ihr eigenes Kickboard zu bauen. Von der ersten Schraube bis zum fertigen Board erlebten die Sekundarsch\u00fcler unter fachkundiger Begleitung aktiv den komplexen Fertigungsprozess, den alle erfolgreich abschlossen. Nach einer Kickboard-Olympiade nahmen alle stolz ihr \u201eFahrzeug\u201c mit nach Hause.<\/p>\n<p><img decoding=\"async\" class=\"alignleft size-full wp-image-11491\" src=\"https:\/\/alt.bzi-rs.de\/wp-content\/uploads\/2021\/10\/kick1.jpg\" alt=\"\" width=\"600\" height=\"600\" srcset=\"https:\/\/alt.bzi-rs.de\/wp-content\/uploads\/2021\/10\/kick1-66x66.jpg 66w, https:\/\/alt.bzi-rs.de\/wp-content\/uploads\/2021\/10\/kick1-150x150.jpg 150w, https:\/\/alt.bzi-rs.de\/wp-content\/uploads\/2021\/10\/kick1-200x200.jpg 200w, https:\/\/alt.bzi-rs.de\/wp-content\/uploads\/2021\/10\/kick1-300x300.jpg 300w, https:\/\/alt.bzi-rs.de\/wp-content\/uploads\/2021\/10\/kick1-400x400.jpg 400w, https:\/\/alt.bzi-rs.de\/wp-content\/uploads\/2021\/10\/kick1.jpg 600w\" sizes=\"(max-width: 600px) 100vw, 600px\" \/>Eingeladen waren auch die Eltern oder weitere Angeh\u00f6rige, um die Jungs beim Bau zu unterst\u00fctzen. Wo dies nicht m\u00f6glich war, sprangen BZI-Sch\u00fcler des Ausbildungsvorbereitungsjahrs ein. \u201eDas hat gut geklappt und war eine gelungene Kooperation. Die J\u00fcngeren fanden es toll, von den \u00c4lteren etwas zu lernen. Und umgekehrt waren die Gro\u00dfen stolz, ihre Kenntnisse weitergeben zu k\u00f6nnen\u201c, sagte Projektleiterin Anna D\u00f6rschler erfreut. W\u00e4hrend der Woche bewiesen die Sch\u00fcler Disziplin und verfolgten emsig und mit Freude ihr Projekt. Genau das ist das Ziel der \u201eFr\u00fchaufsteher\u201c. Neben der fr\u00fchen Berufsorientierung sollen auch weitere Tugenden gef\u00f6rdert werden. \u201eMan schl\u00e4ft in den Ferien nicht aus, sondern <img decoding=\"async\" class=\"alignleft wp-image-11494\" src=\"https:\/\/alt.bzi-rs.de\/wp-content\/uploads\/2021\/10\/kick4.jpg\" alt=\"\" width=\"246\" height=\"246\" srcset=\"https:\/\/alt.bzi-rs.de\/wp-content\/uploads\/2021\/10\/kick4-66x66.jpg 66w, https:\/\/alt.bzi-rs.de\/wp-content\/uploads\/2021\/10\/kick4-150x150.jpg 150w, https:\/\/alt.bzi-rs.de\/wp-content\/uploads\/2021\/10\/kick4-200x200.jpg 200w, https:\/\/alt.bzi-rs.de\/wp-content\/uploads\/2021\/10\/kick4-300x300.jpg 300w, https:\/\/alt.bzi-rs.de\/wp-content\/uploads\/2021\/10\/kick4-400x400.jpg 400w, https:\/\/alt.bzi-rs.de\/wp-content\/uploads\/2021\/10\/kick4.jpg 600w\" sizes=\"(max-width: 246px) 100vw, 246px\" \/>lernt durch praktische Erfahrungen. Alleine das zeugt schon von Motivation. So ein Kickboard herzustellen ist au\u00dferdem eine komplexe Sache, alle Teile m\u00fcssen zueinander passen. Denn schlie\u00dflich muss es ja verkehrssicher sein\u201c, betonte Ausbilder Georg Palm, der die fachliche Anleitung \u00fcbernahm. So gab es auch noch einen Exkurs zur \u201eKickboard-Inspektion\u201c, damit die Jugendlichen auch w\u00e4hrend des Gebrauchs selbstst\u00e4ndig ihr Board regelm\u00e4\u00dfig einem Sicherheitscheck unterziehen k\u00f6nnen.<\/p>\n<p><img decoding=\"async\" class=\"wp-image-11495 alignright\" src=\"https:\/\/alt.bzi-rs.de\/wp-content\/uploads\/2021\/10\/kick5.jpg\" alt=\"\" width=\"243\" height=\"243\" srcset=\"https:\/\/alt.bzi-rs.de\/wp-content\/uploads\/2021\/10\/kick5-66x66.jpg 66w, https:\/\/alt.bzi-rs.de\/wp-content\/uploads\/2021\/10\/kick5-150x150.jpg 150w, https:\/\/alt.bzi-rs.de\/wp-content\/uploads\/2021\/10\/kick5-200x200.jpg 200w, https:\/\/alt.bzi-rs.de\/wp-content\/uploads\/2021\/10\/kick5-300x300.jpg 300w, https:\/\/alt.bzi-rs.de\/wp-content\/uploads\/2021\/10\/kick5-400x400.jpg 400w, https:\/\/alt.bzi-rs.de\/wp-content\/uploads\/2021\/10\/kick5.jpg 600w\" sizes=\"(max-width: 243px) 100vw, 243px\" \/>Als Abschluss einer ereignisreichen Woche stellten die Kids bei der internen Olympiade ihre Fahrk\u00fcnste unter Beweis und erhielten als Anerkennung alle eine Siegerurkunde und \u2013 wie \u00a0es sich geh\u00f6rt \u2013 auch eine Medaille.<\/p>\n<p><strong>Hintergrund:<\/strong> \u201eFr\u00fchaufsteher\u201c ist ein Gemeinschaftsprojekt zur fr\u00fchen Berufsorientierung des BZI und der Nelson-Mandela-Schule, das sich an die Sekundarsch\u00fclerinnen und -sch\u00fcler der Klassen 5 bis 7 wendet. Sie werden durch praktische Erfahrungen und Erlebnisse an die Berufswelt herangef\u00fchrt. Gleichzeitig werden Schl\u00fcsselkompetenzen wie Durchhalteverm\u00f6gen, Kommunikations- und Teamf\u00e4higkeit, Verantwortungsbewusstsein und Zuverl\u00e4ssigkeit trainiert. Das Projekt wird zu 49 Prozent durch Mittel der Bundesagentur f\u00fcr Arbeit Wuppertal-Solingen-Remscheid gef\u00f6rdert. Die weitere Finanzierung wird durch Eigen- und Drittmittel sichergestellt.<\/p>\n<\/div><\/div><style type=\"text\/css\">.fusion-body .fusion-builder-column-0{width:100% !important;margin-top : 0px;margin-bottom : 0px;}.fusion-builder-column-0 > .fusion-column-wrapper {padding-top : 0px !important;padding-right : 0px !important;margin-right : 1.92%;padding-bottom : 0px !important;padding-left : 0px !important;margin-left : 1.92%;}@media only screen and (max-width:1024px) {.fusion-body .fusion-builder-column-0{width:100% !important;order : 0;}.fusion-builder-column-0 > .fusion-column-wrapper {margin-right : 1.92%;margin-left : 1.92%;}}@media only screen and (max-width:640px) {.fusion-body .fusion-builder-column-0{width:100% !important;order : 0;}.fusion-builder-column-0 > .fusion-column-wrapper {margin-right : 1.92%;margin-left : 1.92%;}}<\/style><\/div><\/div><style type=\"text\/css\">.fusion-body .fusion-flex-container.fusion-builder-row-1{ padding-top : 0px;margin-top : 0px;padding-right : 0px;padding-bottom : 0px;margin-bottom : 0px;padding-left : 0px;}<\/style><\/div>\n","protected":false},"excerpt":{"rendered":"","protected":false},"author":1,"featured_media":0,"parent":0,"menu_order":0,"comment_status":"closed","ping_status":"closed","template":"","meta":{"footnotes":""},"_links":{"self":[{"href":"https:\/\/alt.bzi-rs.de\/index.php\/wp-json\/wp\/v2\/pages\/11489"}],"collection":[{"href":"https:\/\/alt.bzi-rs.de\/index.php\/wp-json\/wp\/v2\/pages"}],"about":[{"href":"https:\/\/alt.bzi-rs.de\/index.php\/wp-json\/wp\/v2\/types\/page"}],"author":[{"embeddable":true,"href":"https:\/\/alt.bzi-rs.de\/index.php\/wp-json\/wp\/v2\/users\/1"}],"replies":[{"embeddable":true,"href":"https:\/\/alt.bzi-rs.de\/index.php\/wp-json\/wp\/v2\/comments?post=11489"}],"version-history":[{"count":2,"href":"https:\/\/alt.bzi-rs.de\/index.php\/wp-json\/wp\/v2\/pages\/11489\/revisions"}],"predecessor-version":[{"id":11497,"href":"https:\/\/alt.bzi-rs.de\/index.php\/wp-json\/wp\/v2\/pages\/11489\/revisions\/11497"}],"wp:attachment":[{"href":"https:\/\/alt.bzi-rs.de\/index.php\/wp-json\/wp\/v2\/media?parent=11489"}],"curies":[{"name":"wp","href":"https:\/\/api.w.org\/{rel}","templated":true}]}}