{"id":11847,"date":"2022-02-07T08:52:16","date_gmt":"2022-02-07T07:52:16","guid":{"rendered":"https:\/\/alt.bzi-rs.de\/?page_id=11847"},"modified":"2022-02-07T10:50:02","modified_gmt":"2022-02-07T09:50:02","slug":"viel-wissen-rund-ums-smart-home","status":"publish","type":"page","link":"https:\/\/alt.bzi-rs.de\/index.php\/viel-wissen-rund-ums-smart-home\/","title":{"rendered":"Viel Wissen rund ums Smart Home"},"content":{"rendered":"<div class=\"fusion-fullwidth fullwidth-box fusion-builder-row-1 fusion-flex-container nonhundred-percent-fullwidth non-hundred-percent-height-scrolling\" style=\"background-color: rgba(255,255,255,0);background-position: center center;background-repeat: no-repeat;border-width: 0px 0px 0px 0px;border-color:#eae9e9;border-style:solid;\" ><div class=\"fusion-builder-row fusion-row fusion-flex-align-items-flex-start\" style=\"max-width:1248px;margin-left: calc(-4% \/ 2 );margin-right: calc(-4% \/ 2 );\"><div class=\"fusion-layout-column fusion_builder_column fusion-builder-column-0 fusion_builder_column_2_3 2_3 fusion-flex-column\"><div class=\"fusion-column-wrapper fusion-flex-justify-content-flex-start fusion-content-layout-column\" style=\"background-position:left top;background-repeat:no-repeat;-webkit-background-size:cover;-moz-background-size:cover;-o-background-size:cover;background-size:cover;padding: 0px 0px 0px 0px;\"><style type=\"text\/css\">@media only screen and (max-width:1024px) {.fusion-title.fusion-title-1{margin-top:0px!important; margin-right:0px!important;margin-bottom:31px!important;margin-left:0px!important;}}@media only screen and (max-width:640px) {.fusion-title.fusion-title-1{margin-top:0px!important; margin-right:0px!important;margin-bottom:20px!important; margin-left:0px!important;}}<\/style><div class=\"fusion-title title fusion-title-1 fusion-title-text fusion-title-size-two\" style=\"margin-top:0px;margin-right:0px;margin-bottom:31px;margin-left:0px;\"><div class=\"title-sep-container title-sep-container-left fusion-no-large-visibility fusion-no-medium-visibility fusion-no-small-visibility\"><div class=\"title-sep sep-double sep-solid\" style=\"border-color:#e0dede;\"><\/div><\/div><h2 class=\"title-heading-left\" style=\"margin:0;\">Viel Wissen rund ums Smart Home<\/h2><div class=\"title-sep-container title-sep-container-right\"><div class=\"title-sep sep-double sep-solid\" style=\"border-color:#e0dede;\"><\/div><\/div><\/div><div class=\"fusion-text fusion-text-1\"><p><strong>Das BZI vermittelt wesentliche Kenntnisse zur Installation, Programmierung und Inbetriebnahme intelligenter Geb\u00e4udetechnik. Nicht nur Fachkr\u00e4fte sind angesprochen. <\/strong><\/p>\n<p>Toll, wenn sich die Heizung vom Handy steuern l\u00e4sst, die Jalousien\u00a0mit intelligenter Technik hoch- und runtergefahren werden k\u00f6nnen oder von unterwegs mit dem Smartphone das Licht eingeschaltet werden kann. Die Smart Home-Technik bietet unendliche M\u00f6glichkeiten, nur muss man wissen, wie`s geht. Hier setzen die KNX-Basislehrg\u00e4nge des Berufsbildungszentrums der Industrie (BZI) an, die die Grundlagen und vertieftes Fachwissen zu der innovativen Technologie vermitteln \u2013 als einzige Schulungsst\u00e4tte im Umkreis und mit jeder Menge Erfahrung auf dem Gebiet der Automatisierungstechnik.<\/p>\n<p>KNX steht f\u00fcr Konnex-Bus und ist ein f\u00fcr alle intelligenten Ger\u00e4te zug\u00e4ngliches Kommunikationsmittel, das eine einheitliche intelligente Vernetzung in einem Geb\u00e4ude erm\u00f6glicht. Die Kurs-Teilnehmerinnen und -Teilnehmer bekommen einen breiten \u00dcberblick entsprechend dem aktuellen Stand der Geb\u00e4udeautomationstechnik. Praktische \u00dcbungsphasen erg\u00e4nzen den theoretischen Teil. So erhalten die Teilnehmenden die erforderlichen Kenntnisse um ein KNX-System zu installieren, programmieren und in Betrieb zu nehmen. Dazu geh\u00f6ren nat\u00fcrlich auch Fertigkeiten zur Fehlersuche und -behebung. Der Lehrgang richtet sich an Techniker, Meister und Fachkr\u00e4fte aus dem Elektrohandwerk und der Elektroindustrie, aber auch an interessierte Bauherren. \u201eDer Schwerpunkt liegt klar auf dem Programmieren. Daher ist der Kurs auch f\u00fcr technisch interessierte Laien geeignet. Die eigentliche Installation muss aber eine Elektrofachkraft vornehmen\u201c, erl\u00e4utert Rainer Moschkau, Fachkoordinator Automatisierungstechnik im BZI.<\/p>\n<p><img decoding=\"async\" class=\"size-full wp-image-11883 aligncenter\" src=\"https:\/\/alt.bzi-rs.de\/wp-content\/uploads\/2022\/02\/icon-smart-home.jpg\" alt=\"\" width=\"630\" height=\"114\" srcset=\"https:\/\/alt.bzi-rs.de\/wp-content\/uploads\/2022\/02\/icon-smart-home-200x36.jpg 200w, https:\/\/alt.bzi-rs.de\/wp-content\/uploads\/2022\/02\/icon-smart-home-300x54.jpg 300w, https:\/\/alt.bzi-rs.de\/wp-content\/uploads\/2022\/02\/icon-smart-home-400x72.jpg 400w, https:\/\/alt.bzi-rs.de\/wp-content\/uploads\/2022\/02\/icon-smart-home-600x109.jpg 600w, https:\/\/alt.bzi-rs.de\/wp-content\/uploads\/2022\/02\/icon-smart-home.jpg 630w\" sizes=\"(max-width: 630px) 100vw, 630px\" \/><\/p>\n<p>Als autorisierte KNX-Schulungsst\u00e4tte stellt das BZI nach erfolgreicher Teilnahme und einer Online-Pr\u00fcfung das offizielle KNX-Zertifikat aus. Zudem ist dieser Lehrgang \u201eE-Akademie\u201c anerkannt.<\/p>\n<p><strong>Jetzt schon vormerken:<\/strong> Der n\u00e4chste Lehrgang KNX findet vom 27. Juni 2022 bis 1. Juli 2022 statt.<\/p>\n<\/div><\/div><style type=\"text\/css\">.fusion-body .fusion-builder-column-0{width:66.666666666667% !important;margin-top : 0px;margin-bottom : 0px;}.fusion-builder-column-0 > .fusion-column-wrapper {padding-top : 0px !important;padding-right : 0px !important;margin-right : 2.88%;padding-bottom : 0px !important;padding-left : 0px !important;margin-left : 2.88%;}@media only screen and (max-width:1024px) {.fusion-body .fusion-builder-column-0{width:100% !important;order : 0;}.fusion-builder-column-0 > .fusion-column-wrapper {margin-right : 1.92%;margin-left : 1.92%;}}@media only screen and (max-width:640px) {.fusion-body .fusion-builder-column-0{width:100% !important;order : 0;}.fusion-builder-column-0 > .fusion-column-wrapper {margin-right : 1.92%;margin-left : 1.92%;}}<\/style><\/div><div class=\"fusion-layout-column fusion_builder_column fusion-builder-column-1 fusion_builder_column_1_3 1_3 fusion-flex-column\"><div class=\"fusion-column-wrapper fusion-flex-justify-content-flex-start fusion-content-layout-column\" style=\"background-position:left top;background-repeat:no-repeat;-webkit-background-size:cover;-moz-background-size:cover;-o-background-size:cover;background-size:cover;padding: 0px 0px 0px 0px;\"><div ><div class=\"imageframe-liftup\"><span class=\" fusion-imageframe imageframe-glow imageframe-1\" style=\"-webkit-box-shadow: 0 0 3px rgba(0,0,0,0.3);box-shadow: 0 0 3px rgba(0,0,0,0.3);\"><a href=\"https:\/\/alt.bzi-rs.de\/wp-content\/uploads\/2022\/02\/P1060020.jpg\" class=\"fusion-lightbox\" data-rel=\"iLightbox[57c6d6237f952aa50cf]\" data-title=\"P1060020\" title=\"P1060020\"><img decoding=\"async\" width=\"2362\" height=\"1774\" src=\"https:\/\/alt.bzi-rs.de\/wp-content\/uploads\/2022\/02\/P1060020.jpg\" class=\"img-responsive wp-image-11858\" srcset=\"https:\/\/alt.bzi-rs.de\/wp-content\/uploads\/2022\/02\/P1060020-200x150.jpg 200w, https:\/\/alt.bzi-rs.de\/wp-content\/uploads\/2022\/02\/P1060020-400x300.jpg 400w, https:\/\/alt.bzi-rs.de\/wp-content\/uploads\/2022\/02\/P1060020-600x451.jpg 600w, https:\/\/alt.bzi-rs.de\/wp-content\/uploads\/2022\/02\/P1060020-800x601.jpg 800w, https:\/\/alt.bzi-rs.de\/wp-content\/uploads\/2022\/02\/P1060020-1200x901.jpg 1200w, https:\/\/alt.bzi-rs.de\/wp-content\/uploads\/2022\/02\/P1060020.jpg 2362w\" sizes=\"(max-width: 1024px) 100vw, (max-width: 640px) 100vw, 400px\" \/><\/a><\/span><\/div><\/div><br>\n<br>\n<hr>\n<br>\n<br>\n<div ><div class=\"imageframe-liftup\"><span class=\" fusion-imageframe imageframe-glow imageframe-2\" style=\"-webkit-box-shadow: 0 0 3px rgba(0,0,0,0.3);box-shadow: 0 0 3px rgba(0,0,0,0.3);\"><a href=\"https:\/\/alt.bzi-rs.de\/wp-content\/uploads\/2022\/02\/P1050940-scaled.jpg\" class=\"fusion-lightbox\" data-rel=\"iLightbox[724b862ae137a2bdab2]\" data-title=\"P1050940\" title=\"P1050940\"><img decoding=\"async\" width=\"2560\" height=\"1922\" src=\"https:\/\/alt.bzi-rs.de\/wp-content\/uploads\/2022\/02\/P1050940-scaled.jpg\" class=\"img-responsive wp-image-11860\" srcset=\"https:\/\/alt.bzi-rs.de\/wp-content\/uploads\/2022\/02\/P1050940-200x150.jpg 200w, https:\/\/alt.bzi-rs.de\/wp-content\/uploads\/2022\/02\/P1050940-400x300.jpg 400w, https:\/\/alt.bzi-rs.de\/wp-content\/uploads\/2022\/02\/P1050940-600x451.jpg 600w, https:\/\/alt.bzi-rs.de\/wp-content\/uploads\/2022\/02\/P1050940-800x601.jpg 800w, https:\/\/alt.bzi-rs.de\/wp-content\/uploads\/2022\/02\/P1050940-1200x901.jpg 1200w, https:\/\/alt.bzi-rs.de\/wp-content\/uploads\/2022\/02\/P1050940-scaled.jpg 2560w\" sizes=\"(max-width: 1024px) 100vw, (max-width: 640px) 100vw, 400px\" \/><\/a><\/span><\/div><\/div><\/div><style type=\"text\/css\">.fusion-body .fusion-builder-column-1{width:33.333333333333% !important;margin-top : 0px;margin-bottom : 0px;}.fusion-builder-column-1 > .fusion-column-wrapper {padding-top : 0px !important;padding-right : 0px !important;margin-right : 5.76%;padding-bottom : 0px !important;padding-left : 0px !important;margin-left : 5.76%;}@media only screen and (max-width:1024px) {.fusion-body .fusion-builder-column-1{width:100% !important;order : 0;}.fusion-builder-column-1 > .fusion-column-wrapper {margin-right : 1.92%;margin-left : 1.92%;}}@media only screen and (max-width:640px) {.fusion-body .fusion-builder-column-1{width:100% !important;order : 0;}.fusion-builder-column-1 > .fusion-column-wrapper {margin-right : 1.92%;margin-left : 1.92%;}}<\/style><\/div><\/div><style type=\"text\/css\">.fusion-body .fusion-flex-container.fusion-builder-row-1{ padding-top : 0px;margin-top : 0px;padding-right : 0px;padding-bottom : 0px;margin-bottom : 0px;padding-left : 0px;}<\/style><\/div>\n","protected":false},"excerpt":{"rendered":"","protected":false},"author":1,"featured_media":0,"parent":0,"menu_order":0,"comment_status":"closed","ping_status":"closed","template":"","meta":{"footnotes":""},"_links":{"self":[{"href":"https:\/\/alt.bzi-rs.de\/index.php\/wp-json\/wp\/v2\/pages\/11847"}],"collection":[{"href":"https:\/\/alt.bzi-rs.de\/index.php\/wp-json\/wp\/v2\/pages"}],"about":[{"href":"https:\/\/alt.bzi-rs.de\/index.php\/wp-json\/wp\/v2\/types\/page"}],"author":[{"embeddable":true,"href":"https:\/\/alt.bzi-rs.de\/index.php\/wp-json\/wp\/v2\/users\/1"}],"replies":[{"embeddable":true,"href":"https:\/\/alt.bzi-rs.de\/index.php\/wp-json\/wp\/v2\/comments?post=11847"}],"version-history":[{"count":11,"href":"https:\/\/alt.bzi-rs.de\/index.php\/wp-json\/wp\/v2\/pages\/11847\/revisions"}],"predecessor-version":[{"id":11884,"href":"https:\/\/alt.bzi-rs.de\/index.php\/wp-json\/wp\/v2\/pages\/11847\/revisions\/11884"}],"wp:attachment":[{"href":"https:\/\/alt.bzi-rs.de\/index.php\/wp-json\/wp\/v2\/media?parent=11847"}],"curies":[{"name":"wp","href":"https:\/\/api.w.org\/{rel}","templated":true}]}}