{"id":14140,"date":"2023-06-07T09:05:43","date_gmt":"2023-06-07T07:05:43","guid":{"rendered":"https:\/\/alt.bzi-rs.de\/?page_id=14140"},"modified":"2023-06-21T09:00:19","modified_gmt":"2023-06-21T07:00:19","slug":"essential-by-dorint","status":"publish","type":"page","link":"https:\/\/alt.bzi-rs.de\/index.php\/essential-by-dorint\/","title":{"rendered":"Essential by Dorint"},"content":{"rendered":"<div class=\"fusion-fullwidth fullwidth-box fusion-builder-row-1 fusion-flex-container nonhundred-percent-fullwidth non-hundred-percent-height-scrolling\" style=\"background-color: rgba(255,255,255,0);background-position: center center;background-repeat: no-repeat;border-width: 0px 0px 0px 0px;border-color:#eae9e9;border-style:solid;\" ><div class=\"fusion-builder-row fusion-row fusion-flex-align-items-flex-start\" style=\"max-width:1248px;margin-left: calc(-4% \/ 2 );margin-right: calc(-4% \/ 2 );\"><div class=\"fusion-layout-column fusion_builder_column fusion-builder-column-0 fusion_builder_column_1_1 1_1 fusion-flex-column\"><div class=\"fusion-column-wrapper fusion-flex-justify-content-flex-start fusion-content-layout-column\" style=\"background-position:left top;background-repeat:no-repeat;-webkit-background-size:cover;-moz-background-size:cover;-o-background-size:cover;background-size:cover;padding: 0px 0px 0px 0px;\"><style type=\"text\/css\">@media only screen and (max-width:1024px) {.fusion-title.fusion-title-1{margin-top:0px!important; margin-right:0px!important;margin-bottom:31px!important;margin-left:0px!important;}}@media only screen and (max-width:640px) {.fusion-title.fusion-title-1{margin-top:0px!important; margin-right:0px!important;margin-bottom:20px!important; margin-left:0px!important;}}<\/style><div class=\"fusion-title title fusion-title-1 fusion-title-text fusion-title-size-two\" style=\"margin-top:0px;margin-right:0px;margin-bottom:31px;margin-left:0px;\"><div class=\"title-sep-container title-sep-container-left fusion-no-large-visibility fusion-no-medium-visibility fusion-no-small-visibility\"><div class=\"title-sep sep-double sep-solid\" style=\"border-color:#e0dede;\"><\/div><\/div><h2 class=\"title-heading-left\" style=\"margin:0;\">Im Rahmen der fr\u00fchen Berufsorientierung besuchten Sch\u00fclerinnen und Sch\u00fcler der Nelson-Mandela-Sekundarschule das Hotel \u201eEssential by Dorint\u201c in Remscheid.<\/h2><div class=\"title-sep-container title-sep-container-right\"><div class=\"title-sep sep-double sep-solid\" style=\"border-color:#e0dede;\"><\/div><\/div><\/div><div class=\"fusion-text fusion-text-1\"><div id=\"attachment_14142\" style=\"width: 310px\" class=\"wp-caption alignright\"><a href=\"https:\/\/alt.bzi-rs.de\/wp-content\/uploads\/2023\/06\/BZI-Fruehaufsteher-Power-Smoothies-scaled.jpg\"><img decoding=\"async\" aria-describedby=\"caption-attachment-14142\" class=\"wp-image-14142 size-medium\" src=\"https:\/\/alt.bzi-rs.de\/wp-content\/uploads\/2023\/06\/BZI-Fruehaufsteher-Power-Smoothies-300x225.jpg\" alt=\"Sichtlich Spa\u00df hatten die Sekundarsch\u00fclerinnen und -sch\u00fcler beim Zubereiten von gesunden Power-Smoothies. \" width=\"300\" height=\"225\" srcset=\"https:\/\/alt.bzi-rs.de\/wp-content\/uploads\/2023\/06\/BZI-Fruehaufsteher-Power-Smoothies-200x150.jpg 200w, https:\/\/alt.bzi-rs.de\/wp-content\/uploads\/2023\/06\/BZI-Fruehaufsteher-Power-Smoothies-300x225.jpg 300w, https:\/\/alt.bzi-rs.de\/wp-content\/uploads\/2023\/06\/BZI-Fruehaufsteher-Power-Smoothies-400x300.jpg 400w, https:\/\/alt.bzi-rs.de\/wp-content\/uploads\/2023\/06\/BZI-Fruehaufsteher-Power-Smoothies-600x451.jpg 600w, https:\/\/alt.bzi-rs.de\/wp-content\/uploads\/2023\/06\/BZI-Fruehaufsteher-Power-Smoothies-768x577.jpg 768w, https:\/\/alt.bzi-rs.de\/wp-content\/uploads\/2023\/06\/BZI-Fruehaufsteher-Power-Smoothies-800x601.jpg 800w, https:\/\/alt.bzi-rs.de\/wp-content\/uploads\/2023\/06\/BZI-Fruehaufsteher-Power-Smoothies-1024x769.jpg 1024w, https:\/\/alt.bzi-rs.de\/wp-content\/uploads\/2023\/06\/BZI-Fruehaufsteher-Power-Smoothies-1200x901.jpg 1200w, https:\/\/alt.bzi-rs.de\/wp-content\/uploads\/2023\/06\/BZI-Fruehaufsteher-Power-Smoothies-1536x1153.jpg 1536w\" sizes=\"(max-width: 300px) 100vw, 300px\" \/><\/a><p id=\"caption-attachment-14142\" class=\"wp-caption-text\">Sichtlich Spa\u00df hatten die Sekundarsch\u00fclerinnen und -sch\u00fcler beim Zubereiten von gesunden Power-Smoothies.<\/p><\/div>\n<p>Wie sieht eigentlich eine Kapstachelbeere aus? Aus welchen Zutaten bereitet man einen Hamburger zu? Und wie deckt man einen Tisch ein? Auf diese und viele andere Fragen gab es jetzt beim Besuch von zwei Gruppen aus der siebten Jahrgangsstufe der Nelson-Mandela-Sekundarschule die entsprechenden Antworten. Jeweils einen ganzen Vormittag verbrachten die Sch\u00fclerinnen und Sch\u00fcler im Hotel \u201eEssential by Dorint\u201c in Remscheid, um die Berufsfelder in der Hotellerie kennenzulernen. Koordiniert wurde der Besuch vom Berufsbildungszentrum der Industrie (BZI) im Rahmen des Projekts \u201eFr\u00fchaufsteher+\u201c. \u201eDabei war es sehr interessant f\u00fcr die Jugendlichen zu sehen, welche Vielfalt an Berufen notwendig ist, um einen Hotelbetrieb am Laufen zu halten\u201c, sagt Anna D\u00f6rschler, Diplom-P\u00e4dagogin und BZI-Projektkoordinatorin.<\/p>\n<p>Gerade der hohe Praxisanteil des Programms kam bei den Kids gut an. Da galt es, appetitlich angerichtete Gem\u00fcsesorten und Kr\u00e4uter zu erkennen. Auch das Mittagessen wurde in der Hotelk\u00fcche unter professioneller Anleitung selbst zubereitet und die Tische gemeinsam eingedeckt. Hoteldirektor Marco Klij nahm sich viel Zeit, um Fragen zu beantworten und die gro\u00dfe Spannbreite von Ausbildungen in der Hotellerie vorzustellen.<\/p>\n<div id=\"attachment_14141\" style=\"width: 235px\" class=\"wp-caption alignleft\"><a href=\"https:\/\/alt.bzi-rs.de\/wp-content\/uploads\/2023\/06\/BZI-Fruehaufsteher-Gemuese-erkennen-scaled.jpg\"><img decoding=\"async\" aria-describedby=\"caption-attachment-14141\" class=\"wp-image-14141 size-medium\" src=\"https:\/\/alt.bzi-rs.de\/wp-content\/uploads\/2023\/06\/BZI-Fruehaufsteher-Gemuese-erkennen-225x300.jpg\" alt=\"An einer langen Tafel galt es, Gem\u00fcsesorten und Kr\u00e4uter zu erkennen. \" width=\"225\" height=\"300\" srcset=\"https:\/\/alt.bzi-rs.de\/wp-content\/uploads\/2023\/06\/BZI-Fruehaufsteher-Gemuese-erkennen-200x266.jpg 200w, https:\/\/alt.bzi-rs.de\/wp-content\/uploads\/2023\/06\/BZI-Fruehaufsteher-Gemuese-erkennen-225x300.jpg 225w, https:\/\/alt.bzi-rs.de\/wp-content\/uploads\/2023\/06\/BZI-Fruehaufsteher-Gemuese-erkennen-400x533.jpg 400w, https:\/\/alt.bzi-rs.de\/wp-content\/uploads\/2023\/06\/BZI-Fruehaufsteher-Gemuese-erkennen-600x799.jpg 600w, https:\/\/alt.bzi-rs.de\/wp-content\/uploads\/2023\/06\/BZI-Fruehaufsteher-Gemuese-erkennen-768x1023.jpg 768w, https:\/\/alt.bzi-rs.de\/wp-content\/uploads\/2023\/06\/BZI-Fruehaufsteher-Gemuese-erkennen-769x1024.jpg 769w, https:\/\/alt.bzi-rs.de\/wp-content\/uploads\/2023\/06\/BZI-Fruehaufsteher-Gemuese-erkennen-800x1065.jpg 800w, https:\/\/alt.bzi-rs.de\/wp-content\/uploads\/2023\/06\/BZI-Fruehaufsteher-Gemuese-erkennen-1153x1536.jpg 1153w, https:\/\/alt.bzi-rs.de\/wp-content\/uploads\/2023\/06\/BZI-Fruehaufsteher-Gemuese-erkennen-1200x1598.jpg 1200w, https:\/\/alt.bzi-rs.de\/wp-content\/uploads\/2023\/06\/BZI-Fruehaufsteher-Gemuese-erkennen-1538x2048.jpg 1538w\" sizes=\"(max-width: 225px) 100vw, 225px\" \/><\/a><p id=\"caption-attachment-14141\" class=\"wp-caption-text\">An einer langen Tafel galt es, Gem\u00fcsesorten und Kr\u00e4uter zu erkennen.<\/p><\/div>\n<p>\u201eFr\u00fchaufsteher+\u201c ist eine Weiterentwicklung des Projekts \u201eFr\u00fchaufsteher zur fr\u00fchen Berufsorientierung\u201c und richtet den Fokus im Schwerpunkt auf das Kennenlernen von beruflichen Perspektiven und M\u00f6glichkeiten. Neben der Metall- und Elektroindustrie, f\u00fcr die das BZI steht, unterst\u00fctzt ein Netzwerk von Projektpartnern aus den Branchen Industrie und Handwerk, Gesundheit und Soziales sowie Wirtschaft und Verwaltung das Modellprojekt. Die Sch\u00fclerinnen und Sch\u00fcler werden durch praktische Erfahrungen und Erlebnisse an die Berufswelt herangef\u00fchrt. So wird ihre Motivation, sich f\u00fcr ihre Zukunft zu interessieren und einzusetzen, geweckt. \u201eAu\u00dferdem werden sie in ihrer Selbsteinsch\u00e4tzung unterst\u00fctzt. Das Ziel bleibt eine ganzheitliche F\u00f6rderung der Pers\u00f6nlichkeitsentwicklung der jungen Menschen &#8211; idealer Weise im Sinne der Entscheidungsfindung f\u00fcr eine duale Ausbildung\u201c, erl\u00e4utert Anna D\u00f6rschler. Und auch die Projektpartner profitieren vom gegenseitigen Austausch \u2013 gerade vor dem Hintergrund des aktuellen Fachkr\u00e4ftemangels, der auch die Gastronomie und Hotellerie vor gro\u00dfe Herausforderungen stellt. \u201eInsofern ist es wertvoll, wenn fr\u00fchzeitig Kontakte zu den Jugendlichen und damit zu potenziellen Auszubildenden gekn\u00fcpft werden. Genauso werden die Sch\u00fclerinnen und Sch\u00fcler auf die M\u00f6glichkeit von Berufspraktika aufmerksam gemacht\u201c, so die Projektkoordinatorin.<\/p>\n<\/div><\/div><style type=\"text\/css\">.fusion-body .fusion-builder-column-0{width:100% !important;margin-top : 0px;margin-bottom : 0px;}.fusion-builder-column-0 > .fusion-column-wrapper {padding-top : 0px !important;padding-right : 0px !important;margin-right : 1.92%;padding-bottom : 0px !important;padding-left : 0px !important;margin-left : 1.92%;}@media only screen and (max-width:1024px) {.fusion-body .fusion-builder-column-0{width:100% !important;}.fusion-builder-column-0 > .fusion-column-wrapper {margin-right : 1.92%;margin-left : 1.92%;}}@media only screen and (max-width:640px) {.fusion-body .fusion-builder-column-0{width:100% !important;}.fusion-builder-column-0 > .fusion-column-wrapper {margin-right : 1.92%;margin-left : 1.92%;}}<\/style><\/div><\/div><style type=\"text\/css\">.fusion-body .fusion-flex-container.fusion-builder-row-1{ padding-top : 0px;margin-top : 0px;padding-right : 0px;padding-bottom : 0px;margin-bottom : 0px;padding-left : 0px;}<\/style><\/div>\n","protected":false},"excerpt":{"rendered":"","protected":false},"author":1,"featured_media":0,"parent":0,"menu_order":0,"comment_status":"closed","ping_status":"closed","template":"","meta":{"footnotes":""},"_links":{"self":[{"href":"https:\/\/alt.bzi-rs.de\/index.php\/wp-json\/wp\/v2\/pages\/14140"}],"collection":[{"href":"https:\/\/alt.bzi-rs.de\/index.php\/wp-json\/wp\/v2\/pages"}],"about":[{"href":"https:\/\/alt.bzi-rs.de\/index.php\/wp-json\/wp\/v2\/types\/page"}],"author":[{"embeddable":true,"href":"https:\/\/alt.bzi-rs.de\/index.php\/wp-json\/wp\/v2\/users\/1"}],"replies":[{"embeddable":true,"href":"https:\/\/alt.bzi-rs.de\/index.php\/wp-json\/wp\/v2\/comments?post=14140"}],"version-history":[{"count":7,"href":"https:\/\/alt.bzi-rs.de\/index.php\/wp-json\/wp\/v2\/pages\/14140\/revisions"}],"predecessor-version":[{"id":14150,"href":"https:\/\/alt.bzi-rs.de\/index.php\/wp-json\/wp\/v2\/pages\/14140\/revisions\/14150"}],"wp:attachment":[{"href":"https:\/\/alt.bzi-rs.de\/index.php\/wp-json\/wp\/v2\/media?parent=14140"}],"curies":[{"name":"wp","href":"https:\/\/api.w.org\/{rel}","templated":true}]}}