{"id":16,"date":"2018-01-15T11:06:30","date_gmt":"2018-01-15T10:06:30","guid":{"rendered":"https:\/\/alt.bzi-rs.de\/?page_id=16"},"modified":"2023-09-05T15:16:04","modified_gmt":"2023-09-05T13:16:04","slug":"ausbildung","status":"publish","type":"page","link":"https:\/\/alt.bzi-rs.de\/index.php\/ausbildung\/","title":{"rendered":"Ausbildung"},"content":{"rendered":"<div class=\"fusion-fullwidth fullwidth-box fusion-builder-row-1 nonhundred-percent-fullwidth non-hundred-percent-height-scrolling\" style=\"background-color: rgba(255,255,255,0);background-position: center center;background-repeat: no-repeat;padding-top:0px;padding-right:0px;padding-bottom:0px;padding-left:0px;margin-bottom: 0px;margin-top: 0px;border-width: 0px 0px 0px 0px;border-color:#eae9e9;border-style:solid;\" ><div class=\"fusion-builder-row fusion-row\"><div class=\"fusion-layout-column fusion_builder_column fusion-builder-column-0 fusion_builder_column_2_3 2_3 fusion-two-third fusion-column-first\" style=\"width:66.666666666667%;width:calc(66.666666666667% - ( ( 4% ) * 0.66666666666667 ) );margin-right: 4%;margin-top:0px;margin-bottom:0px;\"><div class=\"fusion-column-wrapper fusion-flex-column-wrapper-legacy\" style=\"background-position:left top;background-repeat:no-repeat;-webkit-background-size:cover;-moz-background-size:cover;-o-background-size:cover;background-size:cover;padding: 0px 0px 0px 0px;\"><style type=\"text\/css\"><\/style><div class=\"fusion-title title fusion-title-1 fusion-sep-none fusion-title-text fusion-title-size-two\" style=\"margin-top:0px;margin-right:0px;margin-bottom:31px;margin-left:0px;\"><h2 class=\"title-heading-left\" style=\"margin:0;\">Ausbildung\/Umschulung<\/h2><\/div><div class=\"fusion-text fusion-text-1\"><p>Gegr\u00fcndet 1938 von Unternehmern mit Weitsicht ist das BZI inzwischen das gr\u00f6\u00dfte \u00fcberbetriebliche Ausbildungszentrum im Bergischen Land.<\/p>\n<\/div><style type=\"text\/css\"><\/style><div class=\"fusion-title title fusion-title-2 fusion-sep-none fusion-title-text fusion-title-size-four\" style=\"margin-top:0px;margin-right:0px;margin-bottom:31px;margin-left:0px;\"><h4 class=\"title-heading-left\" style=\"margin:0;\">Kosteng\u00fcnstig mehr Qualit\u00e4t in der Ausbildung<\/h4><\/div><span class=\" fusion-imageframe imageframe-dropshadow imageframe-1 hover-type-zoomin\" style=\"-webkit-box-shadow: 3px 3px 7px rgba(0,0,0,0.3);box-shadow: 3px 3px 7px rgba(0,0,0,0.3);margin-left:25px;float:right;\"><a href=\"https:\/\/alt.bzi-rs.de\/wp-content\/uploads\/2018\/02\/Ausbildung.jpg\" class=\"fusion-lightbox\" data-rel=\"iLightbox[77bb5b8678bb1195ebf]\" data-caption=\"BZI - Ausbildung\" data-title=\"BZI &#8211; Ausbildung\" title=\"BZI &#8211; Ausbildung\"><img decoding=\"async\" width=\"300\" height=\"200\" alt=\"BZI - Ausbildung\" src=\"https:\/\/alt.bzi-rs.de\/wp-content\/uploads\/2018\/02\/Ausbildung-300x200.jpg\" class=\"img-responsive wp-image-961\" srcset=\"https:\/\/alt.bzi-rs.de\/wp-content\/uploads\/2018\/02\/Ausbildung-200x133.jpg 200w, https:\/\/alt.bzi-rs.de\/wp-content\/uploads\/2018\/02\/Ausbildung-400x267.jpg 400w, https:\/\/alt.bzi-rs.de\/wp-content\/uploads\/2018\/02\/Ausbildung-600x400.jpg 600w, https:\/\/alt.bzi-rs.de\/wp-content\/uploads\/2018\/02\/Ausbildung-800x533.jpg 800w, https:\/\/alt.bzi-rs.de\/wp-content\/uploads\/2018\/02\/Ausbildung-1200x800.jpg 1200w, https:\/\/alt.bzi-rs.de\/wp-content\/uploads\/2018\/02\/Ausbildung.jpg 1800w\" sizes=\"(max-width: 800px) 100vw, 800px\" \/><\/a><\/span><div class=\"fusion-text fusion-text-2\"><p>F\u00fcr das monatliche Entgelt, das ein Ausbildungsplatz im BZI als \u00fcberbetrieblichem Ausbildungszentrum einen Ausbildungsbetrieb kostet, kann dieser einen Facharbeiter gerade einmal 3 bis 4 Tage zu Ausbildungszwecken abstellen &#8211; der Arbeitsplatz, Lehr- und Lernmittel, Material und vieles mehr sind da noch nicht gerechnet. Gerade f\u00fcr die betreuungsintensiven ersten Ausbildungsabschnitte (bis zu 18 Monate) entscheiden sich seit Jahrzehnten viele Betriebe, nicht nur aus Remscheid, f\u00fcr eine Ausbildung im BZI durch unsere p\u00e4dagogisch geschulten Ausbildungsmeister und Techniker.<\/p>\n<\/div><style type=\"text\/css\"><\/style><div class=\"fusion-title title fusion-title-3 fusion-sep-none fusion-title-text fusion-title-size-four\" style=\"margin-top:0px;margin-right:0px;margin-bottom:31px;margin-left:0px;\"><h4 class=\"title-heading-left\" style=\"margin:0;\">BZI-Service f\u00fcr die Betriebe<\/h4><\/div><span class=\" fusion-imageframe imageframe-dropshadow imageframe-2 hover-type-zoomin\" style=\"-webkit-box-shadow: 3px 3px 7px rgba(0,0,0,0.3);box-shadow: 3px 3px 7px rgba(0,0,0,0.3);margin-left:25px;float:right;\"><a href=\"https:\/\/alt.bzi-rs.de\/wp-content\/uploads\/2018\/02\/Ausbildung_2.jpg\" class=\"fusion-lightbox\" data-rel=\"iLightbox[57cd7c74bfb26553994]\" data-caption=\"BZI - Ausbildung\" data-title=\"BZI &#8211; Ausbildung\" title=\"BZI &#8211; Ausbildung\"><img decoding=\"async\" width=\"300\" height=\"200\" alt=\"BZI - Ausbildung\" src=\"https:\/\/alt.bzi-rs.de\/wp-content\/uploads\/2018\/02\/Ausbildung_2-300x200.jpg\" class=\"img-responsive wp-image-968\" srcset=\"https:\/\/alt.bzi-rs.de\/wp-content\/uploads\/2018\/02\/Ausbildung_2-200x133.jpg 200w, https:\/\/alt.bzi-rs.de\/wp-content\/uploads\/2018\/02\/Ausbildung_2-400x267.jpg 400w, https:\/\/alt.bzi-rs.de\/wp-content\/uploads\/2018\/02\/Ausbildung_2-600x400.jpg 600w, https:\/\/alt.bzi-rs.de\/wp-content\/uploads\/2018\/02\/Ausbildung_2-800x533.jpg 800w, https:\/\/alt.bzi-rs.de\/wp-content\/uploads\/2018\/02\/Ausbildung_2-1200x800.jpg 1200w, https:\/\/alt.bzi-rs.de\/wp-content\/uploads\/2018\/02\/Ausbildung_2.jpg 1800w\" sizes=\"(max-width: 800px) 100vw, 800px\" \/><\/a><\/span><div class=\"fusion-text fusion-text-3\"><p>Zum Service geh\u00f6ren ggf. eine Bewerberauswahl, Eignungspr\u00fcfungen, Leistungsbeurteilungen und Leistungstests. Die Ausbildung erfolgt vornehmlich f\u00fcr Betriebe der Metall- und Elektroindustrie. Aber auch f\u00fcr andere Branchen und Berufsbilder entwickelt das BZI L\u00f6sungen. Neben einer mehrmonatigen Grundausbildung werden ab dem 2ten Ausbildungsjahr Technikmodule f\u00fcr die Fachausbildung angeboten. Eine Pr\u00fcfungsvorbereitung und &#8211; soweit m\u00f6glich &#8211; die Abnahme der Pr\u00fcfungen im BZI, erg\u00e4nzen das Leistungsspektrum. Alle Angebote unseres Hauses k\u00f6nnen auch von Unternehmen, die nicht der Metall- und Elektroindustrie zuzuordnen sind, genutzt werden. Dies gilt f\u00fcr Handwerksunternehmen genauso, wie f\u00fcr Dienstleistungsunternehmen, Stadtverwaltungen usw.. Dementsprechend sind unsere Angebote auch f\u00fcr die Ausbildungsberufe geeignet, die nur eine begrenzte Metall-, Elektro- oder IT-Ausbildung ben\u00f6tigen.<\/p>\n<\/div><span class=\" fusion-imageframe imageframe-none imageframe-3 hover-type-none\"><img decoding=\"async\" width=\"2363\" height=\"532\" title=\"esf-foerderlogos_21-27_eu-mags_foerdersatz_rgb\" src=\"https:\/\/alt.bzi-rs.de\/wp-content\/uploads\/2023\/09\/esf-foerderlogos_21-27_eu-mags_foerdersatz_rgb.png\" class=\"img-responsive wp-image-14379\" srcset=\"https:\/\/alt.bzi-rs.de\/wp-content\/uploads\/2023\/09\/esf-foerderlogos_21-27_eu-mags_foerdersatz_rgb-200x45.png 200w, https:\/\/alt.bzi-rs.de\/wp-content\/uploads\/2023\/09\/esf-foerderlogos_21-27_eu-mags_foerdersatz_rgb-400x90.png 400w, https:\/\/alt.bzi-rs.de\/wp-content\/uploads\/2023\/09\/esf-foerderlogos_21-27_eu-mags_foerdersatz_rgb-600x135.png 600w, https:\/\/alt.bzi-rs.de\/wp-content\/uploads\/2023\/09\/esf-foerderlogos_21-27_eu-mags_foerdersatz_rgb-800x180.png 800w, https:\/\/alt.bzi-rs.de\/wp-content\/uploads\/2023\/09\/esf-foerderlogos_21-27_eu-mags_foerdersatz_rgb-1200x270.png 1200w, https:\/\/alt.bzi-rs.de\/wp-content\/uploads\/2023\/09\/esf-foerderlogos_21-27_eu-mags_foerdersatz_rgb.png 2363w\" sizes=\"(max-width: 800px) 100vw, 800px\" \/><\/span><div class=\"fusion-clearfix\"><\/div><\/div><\/div><div class=\"fusion-layout-column fusion_builder_column fusion-builder-column-1 fusion_builder_column_1_3 1_3 fusion-one-third fusion-column-last\" style=\"width:33.333333333333%;width:calc(33.333333333333% - ( ( 4% ) * 0.33333333333333 ) );margin-top:0px;margin-bottom:0px;\"><div class=\"fusion-column-wrapper fusion-flex-column-wrapper-legacy\" style=\"background-position:left top;background-repeat:no-repeat;-webkit-background-size:cover;-moz-background-size:cover;-o-background-size:cover;background-size:cover;padding: 0px 0px 0px 0px;\"><div class=\"fusion-widget-area fusion-widget-area-1 fusion-content-widget-area\"><style type=\"text\/css\">.fusion-widget-area-1 {padding:0px 0px 0px 0px;}.fusion-widget-area-1 .widget h4 {color:#0078b8;}.fusion-widget-area-1 .widget .heading h4 {color:#0078b8;}.fusion-widget-area-1 .widget h4 {font-size:20px;}.fusion-widget-area-1 .widget .heading h4 {font-size:20px;}<\/style><div id=\"nav_menu-3\" class=\"widget widget_nav_menu\"><div class=\"menu-ausbildung-container\"><ul id=\"menu-ausbildung\" class=\"menu\"><li id=\"menu-item-972\" class=\"menu-item menu-item-type-post_type menu-item-object-page menu-item-972\"><a href=\"https:\/\/alt.bzi-rs.de\/index.php\/metallberufe\/\">Metallberufe<\/a><\/li>\n<li id=\"menu-item-971\" class=\"menu-item menu-item-type-post_type menu-item-object-page menu-item-971\"><a href=\"https:\/\/alt.bzi-rs.de\/index.php\/elektroberufe\/\">Elektroberufe<\/a><\/li>\n<li id=\"menu-item-3803\" class=\"menu-item menu-item-type-post_type menu-item-object-page menu-item-3803\"><a href=\"https:\/\/alt.bzi-rs.de\/index.php\/it-berufe\/\">IT-Berufe<\/a><\/li>\n<li id=\"menu-item-10798\" class=\"menu-item menu-item-type-post_type menu-item-object-page menu-item-10798\"><a href=\"https:\/\/alt.bzi-rs.de\/index.php\/fachkraft-fuer-veranstaltungstechnik\/\">Fachkraft f\u00fcr Veranstaltungstechnik<\/a><\/li>\n<li id=\"menu-item-12735\" class=\"menu-item menu-item-type-post_type menu-item-object-page menu-item-12735\"><a href=\"https:\/\/alt.bzi-rs.de\/index.php\/foerderung-von-ausbildungen\/\">F\u00f6rderung von Ausbildungen<\/a><\/li>\n<li id=\"menu-item-3804\" class=\"menu-item menu-item-type-post_type menu-item-object-page menu-item-3804\"><a href=\"https:\/\/alt.bzi-rs.de\/index.php\/technischer-produktdesigner\/\">Technischer Produktdesigner<\/a><\/li>\n<li id=\"menu-item-5141\" class=\"menu-item menu-item-type-post_type menu-item-object-page menu-item-5141\"><a href=\"https:\/\/alt.bzi-rs.de\/index.php\/produktionstechnologe\/\">Produktionstechnologe<\/a><\/li>\n<li id=\"menu-item-9900\" class=\"menu-item menu-item-type-post_type menu-item-object-page menu-item-9900\"><a href=\"https:\/\/alt.bzi-rs.de\/index.php\/ausbildung-pruefungscoaching\/\">Pr\u00fcfungscoaching<\/a><\/li>\n<li id=\"menu-item-3815\" class=\"menu-item menu-item-type-post_type menu-item-object-page menu-item-3815\"><a href=\"https:\/\/alt.bzi-rs.de\/index.php\/duale-studiengaenge-2\/\">Duale \/ berufbegleitende Studieng\u00e4nge<\/a><\/li>\n<li id=\"menu-item-3806\" class=\"menu-item menu-item-type-post_type menu-item-object-page menu-item-3806\"><a href=\"https:\/\/alt.bzi-rs.de\/index.php\/bzi-mehr-als-ausbildung\/\">BZI \u2013 Mehr als Ausbildung<\/a><\/li>\n<li id=\"menu-item-4675\" class=\"menu-item menu-item-type-post_type menu-item-object-page menu-item-4675\"><a href=\"https:\/\/alt.bzi-rs.de\/index.php\/besetzung-von-ausbildungsplaetzen\/\">Besetzung von Ausbildungspl\u00e4tzen<\/a><\/li>\n<li id=\"menu-item-3810\" class=\"menu-item menu-item-type-post_type menu-item-object-page menu-item-3810\"><a href=\"https:\/\/alt.bzi-rs.de\/index.php\/terminuebersicht\/\">Termin\u00fcbersicht<\/a><\/li>\n<li id=\"menu-item-3811\" class=\"menu-item menu-item-type-post_type menu-item-object-page menu-item-3811\"><a href=\"https:\/\/alt.bzi-rs.de\/index.php\/anmeldung-und-agb-4\/\">Anmeldung und AGB<\/a><\/li>\n<li id=\"menu-item-3813\" class=\"menu-item menu-item-type-post_type menu-item-object-page menu-item-3813\"><a href=\"https:\/\/alt.bzi-rs.de\/index.php\/foerdermoeglichkeiten\/\">F\u00f6rderm\u00f6glichkeiten<\/a><\/li>\n<li id=\"menu-item-3814\" class=\"menu-item menu-item-type-post_type menu-item-object-page menu-item-3814\"><a href=\"https:\/\/alt.bzi-rs.de\/index.php\/ausbildung-in-deutschland-verschiedene-sprachen\/\">Ausbildung in Deutschland \u2013 verschiedene Sprachen<\/a><\/li>\n<li id=\"menu-item-13687\" class=\"menu-item menu-item-type-post_type menu-item-object-page menu-item-13687\"><a href=\"https:\/\/alt.bzi-rs.de\/index.php\/bewerberbuch-2023\/\">Bewerberbuch 2023<\/a><\/li>\n<\/ul><\/div><\/div><div class=\"fusion-additional-widget-content\"><\/div><\/div><div class=\"fusion-clearfix\"><\/div><\/div><\/div><\/div><\/div>\n","protected":false},"excerpt":{"rendered":"","protected":false},"author":1,"featured_media":0,"parent":0,"menu_order":241,"comment_status":"closed","ping_status":"closed","template":"","meta":{"footnotes":""},"_links":{"self":[{"href":"https:\/\/alt.bzi-rs.de\/index.php\/wp-json\/wp\/v2\/pages\/16"}],"collection":[{"href":"https:\/\/alt.bzi-rs.de\/index.php\/wp-json\/wp\/v2\/pages"}],"about":[{"href":"https:\/\/alt.bzi-rs.de\/index.php\/wp-json\/wp\/v2\/types\/page"}],"author":[{"embeddable":true,"href":"https:\/\/alt.bzi-rs.de\/index.php\/wp-json\/wp\/v2\/users\/1"}],"replies":[{"embeddable":true,"href":"https:\/\/alt.bzi-rs.de\/index.php\/wp-json\/wp\/v2\/comments?post=16"}],"version-history":[{"count":25,"href":"https:\/\/alt.bzi-rs.de\/index.php\/wp-json\/wp\/v2\/pages\/16\/revisions"}],"predecessor-version":[{"id":14380,"href":"https:\/\/alt.bzi-rs.de\/index.php\/wp-json\/wp\/v2\/pages\/16\/revisions\/14380"}],"wp:attachment":[{"href":"https:\/\/alt.bzi-rs.de\/index.php\/wp-json\/wp\/v2\/media?parent=16"}],"curies":[{"name":"wp","href":"https:\/\/api.w.org\/{rel}","templated":true}]}}