{"id":2937,"date":"2018-07-03T08:55:17","date_gmt":"2018-07-03T06:55:17","guid":{"rendered":"https:\/\/alt.bzi-rs.de\/?page_id=2937"},"modified":"2021-02-17T10:58:47","modified_gmt":"2021-02-17T09:58:47","slug":"mini-bo","status":"publish","type":"page","link":"https:\/\/alt.bzi-rs.de\/index.php\/mini-bo\/","title":{"rendered":"MINI BO"},"content":{"rendered":"<div class=\"fusion-fullwidth fullwidth-box fusion-builder-row-1 nonhundred-percent-fullwidth non-hundred-percent-height-scrolling\" style=\"background-color: rgba(255,255,255,0);background-position: center center;background-repeat: no-repeat;padding-top:0px;padding-right:0px;padding-bottom:0px;padding-left:0px;margin-bottom: 0px;margin-top: 0px;border-width: 0px 0px 0px 0px;border-color:#eae9e9;border-style:solid;\" ><div class=\"fusion-builder-row fusion-row\"><div class=\"fusion-layout-column fusion_builder_column fusion-builder-column-0 fusion_builder_column_1_1 1_1 fusion-one-full fusion-column-first fusion-column-last\" style=\"margin-top:0px;margin-bottom:0px;\"><div class=\"fusion-column-wrapper fusion-flex-column-wrapper-legacy\" style=\"background-position:left top;background-repeat:no-repeat;-webkit-background-size:cover;-moz-background-size:cover;-o-background-size:cover;background-size:cover;padding: 0px 0px 0px 0px;\"><style type=\"text\/css\"><\/style><div class=\"fusion-title title fusion-title-1 fusion-sep-none fusion-title-text fusion-title-size-two\" style=\"margin-top:0px;margin-right:0px;margin-bottom:31px;margin-left:0px;\"><h2 class=\"title-heading-left\" style=\"margin:0;\">MINI BO<\/h2><\/div><div class=\"fusion-text fusion-text-1\"><p>Die Berufsorientierung zeichnet sich vor allem dadurch aus, dass sie schon in der Grundschule beginnt. Frei nach dem Motto \u201eje fr\u00fcher, desto besser\u201c setzen sich die Sch\u00fclerinnen und Sch\u00fcler jeweils in altersgerechter Weise mit der Thematik Berufswelt-Erkundung auseinander und machen erste praktische Erfahrungen im Umgang mit Werkstoffen.<\/p>\n<p>Dazu bieten wir den Kindern vielf\u00e4ltige M\u00f6glichkeiten, sich selbst praktisch auszuprobieren und verschiedene Berufsfelder im Metallbereich durch aktives Tun kennen zu lernen.<\/p>\n<p>Die Erfahrung zeigt, dass Sch\u00fclerinnen und Sch\u00fcler zunehmend weniger durch ihre Elternh\u00e4user und\/oder Familien auf die Berufswelt vorbereitet werden (k\u00f6nnen). So fehlt ihnen h\u00e4ufig eine Vorstellung von der Berufswelt als solcher sowie von den Anforderungen, denen sie sich stellen werden m\u00fcssen.<\/p>\n<p>Die Berufsorientierung bezieht sich mittelbar oder unmittelbar auf die Kompetenzentwicklung hinsichtlich einer sp\u00e4teren beruflichen und sozialen Integration, ein besonderer Fokus liegt auf der Schaffung von Perspektiven f\u00fcr M\u00e4dchen im MINT (Mathematik, Informatik, Naturwissenschaften, Technik) Bereich.<\/p>\n<p>Das Erlebnis Berufsorientierung wird mit erprobten spielerischen, alters- und zielgruppengem\u00e4\u00dfen didaktischen und p\u00e4dagogischen Methoden umgesetzt.<\/p>\n<p>Es steht au\u00dfer Frage, dass der Schwerpunkt einer vorberuflichen Bildung den Schulen der Sekundarstufe zugeordnet wird. Dennoch erfolgt der erste Kontakt mit Lerninhalten, die sich rund um das Thema Beruf drehen, in der Grundschule. Die im Lehrplan beschriebenen Kompetenzen in allen Erfahrungsbereichen best\u00e4tigen diese Aussage. Mit der Kooperation des BZI und der GGS Adolf-Clarenbach und GGS Goldenberg soll dieser Ansatz der fr\u00fchen konkreten Besch\u00e4ftigung mit einem Teilbereich der technischen und handwerklichen Berufswelt forciert werden. Technische und handwerkliche Berufe nehmen im Lebensumfeld der Sch\u00fclerinnen und Sch\u00fcler im Heimatort Remscheid noch immer einen hohen Stellenwert ein.<\/p>\n<p>Der spielerische und altersbezogene Projektansatz soll Lust machen auf Lernen und Erfahren der Arbeitswelt und Interesse generieren, sich zu einem sp\u00e4teren Zeitpunkt zielgerichteter, konturierter und fundierter mit konkreten Ausbildungsberufen auseinanderzusetzen.<\/p>\n<p><strong>Kontakt:<br \/>\n<\/strong>Berufsbildungszentrum der Remscheider Metall- und Elektroindustrie (BZI)<br \/>\nW\u00fcstenhagener Str. 18 \u2013 26, 42855 Remscheid<br \/>\nTelefon: 0 21 91 \u2013 93 87 \u2013 100, E-Mail: <a href=\"mailto:info@bzi-rs.de\">info@bzi-rs.de<\/a><\/p>\n<p><strong>Projektverantwortliche:<br \/>\n<\/strong>Anna D\u00f6rschler<br \/>\nDipl. P\u00e4dagogin<br \/>\nTelefon: 0 21 91 93 87 &#8211; 223<br \/>\nEMail: <u><a href=\"mailto:a.doerschler@bzi-rs.de\">a.doerschler@bzi-rs.de<\/a><\/u><\/p>\n<\/div><div class=\"fusion-clearfix\"><\/div><\/div><\/div><\/div><\/div>\n","protected":false},"excerpt":{"rendered":"","protected":false},"author":1,"featured_media":0,"parent":0,"menu_order":143,"comment_status":"closed","ping_status":"closed","template":"","meta":{"footnotes":""},"_links":{"self":[{"href":"https:\/\/alt.bzi-rs.de\/index.php\/wp-json\/wp\/v2\/pages\/2937"}],"collection":[{"href":"https:\/\/alt.bzi-rs.de\/index.php\/wp-json\/wp\/v2\/pages"}],"about":[{"href":"https:\/\/alt.bzi-rs.de\/index.php\/wp-json\/wp\/v2\/types\/page"}],"author":[{"embeddable":true,"href":"https:\/\/alt.bzi-rs.de\/index.php\/wp-json\/wp\/v2\/users\/1"}],"replies":[{"embeddable":true,"href":"https:\/\/alt.bzi-rs.de\/index.php\/wp-json\/wp\/v2\/comments?post=2937"}],"version-history":[{"count":11,"href":"https:\/\/alt.bzi-rs.de\/index.php\/wp-json\/wp\/v2\/pages\/2937\/revisions"}],"predecessor-version":[{"id":9847,"href":"https:\/\/alt.bzi-rs.de\/index.php\/wp-json\/wp\/v2\/pages\/2937\/revisions\/9847"}],"wp:attachment":[{"href":"https:\/\/alt.bzi-rs.de\/index.php\/wp-json\/wp\/v2\/media?parent=2937"}],"curies":[{"name":"wp","href":"https:\/\/api.w.org\/{rel}","templated":true}]}}