{"id":65,"date":"2018-01-15T11:41:15","date_gmt":"2018-01-15T10:41:15","guid":{"rendered":"https:\/\/alt.bzi-rs.de\/?page_id=65"},"modified":"2023-02-21T10:20:47","modified_gmt":"2023-02-21T09:20:47","slug":"elektroberufe","status":"publish","type":"page","link":"https:\/\/alt.bzi-rs.de\/index.php\/elektroberufe\/","title":{"rendered":"Elektroberufe"},"content":{"rendered":"<p><div class=\"fusion-fullwidth fullwidth-box fusion-builder-row-1 nonhundred-percent-fullwidth non-hundred-percent-height-scrolling\" style=\"background-color: rgba(255,255,255,0);background-position: center center;background-repeat: no-repeat;padding-top:0px;padding-right:0px;padding-bottom:0px;padding-left:0px;margin-bottom: 0px;margin-top: 0px;border-width: 0px 0px 0px 0px;border-color:#eae9e9;border-style:solid;\" ><div class=\"fusion-builder-row fusion-row\"><div class=\"fusion-layout-column fusion_builder_column fusion-builder-column-0 fusion_builder_column_1_1 1_1 fusion-one-full fusion-column-first fusion-column-last\" style=\"margin-top:0px;margin-bottom:0px;\"><div class=\"fusion-column-wrapper fusion-flex-column-wrapper-legacy\" style=\"background-position:left top;background-repeat:no-repeat;-webkit-background-size:cover;-moz-background-size:cover;-o-background-size:cover;background-size:cover;padding: 0px 0px 0px 0px;\"><style type=\"text\/css\"><\/style><div class=\"fusion-title title fusion-title-1 fusion-sep-none fusion-title-text fusion-title-size-two\" style=\"margin-top:0px;margin-right:0px;margin-bottom:20px;margin-left:0px;\"><h2 class=\"title-heading-left\" style=\"margin:0;\">Elektroberufe<\/h2><\/div><div class=\"fusion-text fusion-text-1\"><\/div><div class=\"fusion-clearfix\"><\/div><\/div><\/div><\/div><\/div><div class=\"fusion-fullwidth fullwidth-box fusion-builder-row-2 nonhundred-percent-fullwidth non-hundred-percent-height-scrolling\" style=\"background-color: rgba(255,255,255,0);background-position: center center;background-repeat: no-repeat;padding-top:0px;padding-right:0px;padding-bottom:0px;padding-left:0px;margin-bottom: 0px;margin-top: 0px;border-width: 0px 0px 0px 0px;border-color:#eae9e9;border-style:solid;\" ><div class=\"fusion-builder-row fusion-row\"><div class=\"fusion-layout-column fusion_builder_column fusion-builder-column-1 fusion_builder_column_1_1 1_1 fusion-one-full fusion-column-first fusion-column-last\" style=\"margin-top:0px;margin-bottom:0px;\"><div class=\"fusion-column-wrapper fusion-flex-column-wrapper-legacy\" style=\"background-position:left top;background-repeat:no-repeat;-webkit-background-size:cover;-moz-background-size:cover;-o-background-size:cover;background-size:cover;padding: 0px 0px 0px 0px;\"><div class=\"fusion-text fusion-text-2\"><p>Der Facharbeiter von heute sollte, um den hohen, nicht nur technischen Anforderungen in der Industrie gerecht zu werden, Handlungskompetenz besitzen, welche das blo\u00dfe Fachwissen bei weitem \u00fcbersteigt. Deshalb muss gerade in der Ausbildung darauf geachtet werden, das neben der Technik auch Arbeitsplanung und Probleml\u00f6sungsverhalten geschult werden. Unsere Ausbildungsmethoden sind darauf abgestimmt.<\/p>\n<p>Das BZI ist das technische Aus- und Weiterbildungszentrum des Bergischen Landes. Wir bieten, als \u00fcberbetriebliche Ausbildungswerkstatt, f\u00fcr die meist mittelst\u00e4ndischen Betriebe des Bergischen Landes die komplette Grund- und Fachausbildung in \u00fcber 30 gewerblichen Berufen der Metall-, Elektro- und IT-Technik an.<\/p>\n<\/div><style type=\"text\/css\">.fusion-gallery-1 .fusion-gallery-image {border:0px solid #f6f6f6;}<\/style><div class=\"fusion-gallery fusion-gallery-container fusion-grid-5 fusion-columns-total-11 fusion-gallery-layout-grid fusion-gallery-1\" style=\"margin:-5px;\"><div style=\"padding:5px;\" class=\"fusion-grid-column fusion-gallery-column fusion-gallery-column-5 hover-type-none\"><div class=\"fusion-gallery-image\"><a href=\"https:\/\/alt.bzi-rs.de\/wp-content\/uploads\/2023\/02\/Pneumatik_1-scaled.jpg\" rel=\"noreferrer\" data-rel=\"iLightbox[gallery_image_1]\" class=\"fusion-lightbox\" target=\"_self\"><img decoding=\"async\" src=\"https:\/\/alt.bzi-rs.de\/wp-content\/uploads\/2023\/02\/Pneumatik_1-scaled.jpg\" width=\"2560\" height=\"2560\" alt=\"\" title=\"Pneumatik_1\" aria-label=\"Pneumatik_1\" class=\"img-responsive wp-image-13760\" srcset=\"https:\/\/alt.bzi-rs.de\/wp-content\/uploads\/2023\/02\/Pneumatik_1-200x200.jpg 200w, https:\/\/alt.bzi-rs.de\/wp-content\/uploads\/2023\/02\/Pneumatik_1-400x400.jpg 400w, https:\/\/alt.bzi-rs.de\/wp-content\/uploads\/2023\/02\/Pneumatik_1-600x600.jpg 600w, https:\/\/alt.bzi-rs.de\/wp-content\/uploads\/2023\/02\/Pneumatik_1-800x800.jpg 800w, https:\/\/alt.bzi-rs.de\/wp-content\/uploads\/2023\/02\/Pneumatik_1-1200x1200.jpg 1200w, https:\/\/alt.bzi-rs.de\/wp-content\/uploads\/2023\/02\/Pneumatik_1-scaled.jpg 2560w\" sizes=\"(min-width: 2200px) 100vw, (min-width: 928px) 236px, (min-width: 856px) 295px, (min-width: 784px) 393px, (min-width: 712px) 590px, (min-width: 640px) 712px, \" \/><\/a><\/div><\/div><div style=\"padding:5px;\" class=\"fusion-grid-column fusion-gallery-column fusion-gallery-column-5 hover-type-none\"><div class=\"fusion-gallery-image\"><a href=\"https:\/\/alt.bzi-rs.de\/wp-content\/uploads\/2023\/02\/Pneumatik_3-scaled.jpg\" rel=\"noreferrer\" data-rel=\"iLightbox[gallery_image_1]\" class=\"fusion-lightbox\" target=\"_self\"><img decoding=\"async\" src=\"https:\/\/alt.bzi-rs.de\/wp-content\/uploads\/2023\/02\/Pneumatik_3-scaled.jpg\" width=\"2560\" height=\"2560\" alt=\"\" title=\"Pneumatik_3\" aria-label=\"Pneumatik_3\" class=\"img-responsive wp-image-13761\" srcset=\"https:\/\/alt.bzi-rs.de\/wp-content\/uploads\/2023\/02\/Pneumatik_3-200x200.jpg 200w, https:\/\/alt.bzi-rs.de\/wp-content\/uploads\/2023\/02\/Pneumatik_3-400x400.jpg 400w, https:\/\/alt.bzi-rs.de\/wp-content\/uploads\/2023\/02\/Pneumatik_3-600x600.jpg 600w, https:\/\/alt.bzi-rs.de\/wp-content\/uploads\/2023\/02\/Pneumatik_3-800x800.jpg 800w, https:\/\/alt.bzi-rs.de\/wp-content\/uploads\/2023\/02\/Pneumatik_3-1200x1200.jpg 1200w, https:\/\/alt.bzi-rs.de\/wp-content\/uploads\/2023\/02\/Pneumatik_3-scaled.jpg 2560w\" sizes=\"(min-width: 2200px) 100vw, (min-width: 928px) 236px, (min-width: 856px) 295px, (min-width: 784px) 393px, (min-width: 712px) 590px, (min-width: 640px) 712px, \" \/><\/a><\/div><\/div><div style=\"padding:5px;\" class=\"fusion-grid-column fusion-gallery-column fusion-gallery-column-5 hover-type-none\"><div class=\"fusion-gallery-image\"><a href=\"https:\/\/alt.bzi-rs.de\/wp-content\/uploads\/2023\/02\/Sequenz-01.00_01_49_20.Standbild011.jpg\" rel=\"noreferrer\" data-rel=\"iLightbox[gallery_image_1]\" class=\"fusion-lightbox\" target=\"_self\"><img decoding=\"async\" src=\"https:\/\/alt.bzi-rs.de\/wp-content\/uploads\/2023\/02\/Sequenz-01.00_01_49_20.Standbild011.jpg\" width=\"1080\" height=\"1080\" alt=\"\" title=\"Sequenz 01.00_01_49_20.Standbild011\" aria-label=\"Sequenz 01.00_01_49_20.Standbild011\" class=\"img-responsive wp-image-13762\" srcset=\"https:\/\/alt.bzi-rs.de\/wp-content\/uploads\/2023\/02\/Sequenz-01.00_01_49_20.Standbild011-200x200.jpg 200w, https:\/\/alt.bzi-rs.de\/wp-content\/uploads\/2023\/02\/Sequenz-01.00_01_49_20.Standbild011-400x400.jpg 400w, https:\/\/alt.bzi-rs.de\/wp-content\/uploads\/2023\/02\/Sequenz-01.00_01_49_20.Standbild011-600x600.jpg 600w, https:\/\/alt.bzi-rs.de\/wp-content\/uploads\/2023\/02\/Sequenz-01.00_01_49_20.Standbild011-800x800.jpg 800w, https:\/\/alt.bzi-rs.de\/wp-content\/uploads\/2023\/02\/Sequenz-01.00_01_49_20.Standbild011.jpg 1080w\" sizes=\"(min-width: 2200px) 100vw, (min-width: 928px) 236px, (min-width: 856px) 295px, (min-width: 784px) 393px, (min-width: 712px) 590px, (min-width: 640px) 712px, \" \/><\/a><\/div><\/div><div style=\"padding:5px;\" class=\"fusion-grid-column fusion-gallery-column fusion-gallery-column-5 hover-type-none\"><div class=\"fusion-gallery-image\"><a href=\"https:\/\/alt.bzi-rs.de\/wp-content\/uploads\/2023\/02\/Elektro_Grundausbildung_2-scaled.jpg\" rel=\"noreferrer\" data-rel=\"iLightbox[gallery_image_1]\" class=\"fusion-lightbox\" target=\"_self\"><img decoding=\"async\" src=\"https:\/\/alt.bzi-rs.de\/wp-content\/uploads\/2023\/02\/Elektro_Grundausbildung_2-scaled.jpg\" width=\"2560\" height=\"2560\" alt=\"\" title=\"Elektro_Grundausbildung_2\" aria-label=\"Elektro_Grundausbildung_2\" class=\"img-responsive wp-image-13763\" srcset=\"https:\/\/alt.bzi-rs.de\/wp-content\/uploads\/2023\/02\/Elektro_Grundausbildung_2-200x200.jpg 200w, https:\/\/alt.bzi-rs.de\/wp-content\/uploads\/2023\/02\/Elektro_Grundausbildung_2-400x400.jpg 400w, https:\/\/alt.bzi-rs.de\/wp-content\/uploads\/2023\/02\/Elektro_Grundausbildung_2-600x600.jpg 600w, https:\/\/alt.bzi-rs.de\/wp-content\/uploads\/2023\/02\/Elektro_Grundausbildung_2-800x800.jpg 800w, https:\/\/alt.bzi-rs.de\/wp-content\/uploads\/2023\/02\/Elektro_Grundausbildung_2-1200x1200.jpg 1200w, https:\/\/alt.bzi-rs.de\/wp-content\/uploads\/2023\/02\/Elektro_Grundausbildung_2-scaled.jpg 2560w\" sizes=\"(min-width: 2200px) 100vw, (min-width: 928px) 236px, (min-width: 856px) 295px, (min-width: 784px) 393px, (min-width: 712px) 590px, (min-width: 640px) 712px, \" \/><\/a><\/div><\/div><div style=\"padding:5px;\" class=\"fusion-grid-column fusion-gallery-column fusion-gallery-column-5 hover-type-none\"><div class=\"fusion-gallery-image\"><a href=\"https:\/\/alt.bzi-rs.de\/wp-content\/uploads\/2023\/02\/Elektro_Grundausbildung_4-scaled.jpg\" rel=\"noreferrer\" data-rel=\"iLightbox[gallery_image_1]\" class=\"fusion-lightbox\" target=\"_self\"><img decoding=\"async\" src=\"https:\/\/alt.bzi-rs.de\/wp-content\/uploads\/2023\/02\/Elektro_Grundausbildung_4-scaled.jpg\" width=\"2560\" height=\"2560\" alt=\"\" title=\"Elektro_Grundausbildung_4\" aria-label=\"Elektro_Grundausbildung_4\" class=\"img-responsive wp-image-13764\" srcset=\"https:\/\/alt.bzi-rs.de\/wp-content\/uploads\/2023\/02\/Elektro_Grundausbildung_4-200x200.jpg 200w, https:\/\/alt.bzi-rs.de\/wp-content\/uploads\/2023\/02\/Elektro_Grundausbildung_4-400x400.jpg 400w, https:\/\/alt.bzi-rs.de\/wp-content\/uploads\/2023\/02\/Elektro_Grundausbildung_4-600x600.jpg 600w, https:\/\/alt.bzi-rs.de\/wp-content\/uploads\/2023\/02\/Elektro_Grundausbildung_4-800x800.jpg 800w, https:\/\/alt.bzi-rs.de\/wp-content\/uploads\/2023\/02\/Elektro_Grundausbildung_4-1200x1200.jpg 1200w, https:\/\/alt.bzi-rs.de\/wp-content\/uploads\/2023\/02\/Elektro_Grundausbildung_4-scaled.jpg 2560w\" sizes=\"(min-width: 2200px) 100vw, (min-width: 928px) 236px, (min-width: 856px) 295px, (min-width: 784px) 393px, (min-width: 712px) 590px, (min-width: 640px) 712px, \" \/><\/a><\/div><\/div><div class=\"clearfix\"><\/div><div style=\"padding:5px;\" class=\"fusion-grid-column fusion-gallery-column fusion-gallery-column-5 hover-type-none\"><div class=\"fusion-gallery-image\"><a href=\"https:\/\/alt.bzi-rs.de\/wp-content\/uploads\/2023\/02\/Grundausbildung_Elektro_Azubi_4.Woche_2-scaled.jpg\" rel=\"noreferrer\" data-rel=\"iLightbox[gallery_image_1]\" class=\"fusion-lightbox\" target=\"_self\"><img decoding=\"async\" src=\"https:\/\/alt.bzi-rs.de\/wp-content\/uploads\/2023\/02\/Grundausbildung_Elektro_Azubi_4.Woche_2-scaled.jpg\" width=\"2560\" height=\"2560\" alt=\"\" title=\"Grundausbildung_Elektro_Azubi_4.Woche_2\" aria-label=\"Grundausbildung_Elektro_Azubi_4.Woche_2\" class=\"img-responsive wp-image-13765\" srcset=\"https:\/\/alt.bzi-rs.de\/wp-content\/uploads\/2023\/02\/Grundausbildung_Elektro_Azubi_4.Woche_2-200x200.jpg 200w, https:\/\/alt.bzi-rs.de\/wp-content\/uploads\/2023\/02\/Grundausbildung_Elektro_Azubi_4.Woche_2-400x400.jpg 400w, https:\/\/alt.bzi-rs.de\/wp-content\/uploads\/2023\/02\/Grundausbildung_Elektro_Azubi_4.Woche_2-600x600.jpg 600w, https:\/\/alt.bzi-rs.de\/wp-content\/uploads\/2023\/02\/Grundausbildung_Elektro_Azubi_4.Woche_2-800x800.jpg 800w, https:\/\/alt.bzi-rs.de\/wp-content\/uploads\/2023\/02\/Grundausbildung_Elektro_Azubi_4.Woche_2-1200x1200.jpg 1200w, https:\/\/alt.bzi-rs.de\/wp-content\/uploads\/2023\/02\/Grundausbildung_Elektro_Azubi_4.Woche_2-scaled.jpg 2560w\" sizes=\"(min-width: 2200px) 100vw, (min-width: 928px) 236px, (min-width: 856px) 295px, (min-width: 784px) 393px, (min-width: 712px) 590px, (min-width: 640px) 712px, \" \/><\/a><\/div><\/div><div style=\"padding:5px;\" class=\"fusion-grid-column fusion-gallery-column fusion-gallery-column-5 hover-type-none\"><div class=\"fusion-gallery-image\"><a href=\"https:\/\/alt.bzi-rs.de\/wp-content\/uploads\/2023\/02\/Industriemeister_Julia_Elektro_Azubis_1-scaled.jpg\" rel=\"noreferrer\" data-rel=\"iLightbox[gallery_image_1]\" class=\"fusion-lightbox\" target=\"_self\"><img decoding=\"async\" src=\"https:\/\/alt.bzi-rs.de\/wp-content\/uploads\/2023\/02\/Industriemeister_Julia_Elektro_Azubis_1-scaled.jpg\" width=\"2560\" height=\"2560\" alt=\"\" title=\"Industriemeister_Julia_Elektro_Azubis_1\" aria-label=\"Industriemeister_Julia_Elektro_Azubis_1\" class=\"img-responsive wp-image-13766\" srcset=\"https:\/\/alt.bzi-rs.de\/wp-content\/uploads\/2023\/02\/Industriemeister_Julia_Elektro_Azubis_1-200x200.jpg 200w, https:\/\/alt.bzi-rs.de\/wp-content\/uploads\/2023\/02\/Industriemeister_Julia_Elektro_Azubis_1-400x400.jpg 400w, https:\/\/alt.bzi-rs.de\/wp-content\/uploads\/2023\/02\/Industriemeister_Julia_Elektro_Azubis_1-600x600.jpg 600w, https:\/\/alt.bzi-rs.de\/wp-content\/uploads\/2023\/02\/Industriemeister_Julia_Elektro_Azubis_1-800x800.jpg 800w, https:\/\/alt.bzi-rs.de\/wp-content\/uploads\/2023\/02\/Industriemeister_Julia_Elektro_Azubis_1-1200x1200.jpg 1200w, https:\/\/alt.bzi-rs.de\/wp-content\/uploads\/2023\/02\/Industriemeister_Julia_Elektro_Azubis_1-scaled.jpg 2560w\" sizes=\"(min-width: 2200px) 100vw, (min-width: 928px) 236px, (min-width: 856px) 295px, (min-width: 784px) 393px, (min-width: 712px) 590px, (min-width: 640px) 712px, \" \/><\/a><\/div><\/div><div style=\"padding:5px;\" class=\"fusion-grid-column fusion-gallery-column fusion-gallery-column-5 hover-type-none\"><div class=\"fusion-gallery-image\"><a href=\"https:\/\/alt.bzi-rs.de\/wp-content\/uploads\/2023\/02\/P1120090_Elektrogrundausbildung_Schuetzschaltung_2-scaled.jpg\" rel=\"noreferrer\" data-rel=\"iLightbox[gallery_image_1]\" class=\"fusion-lightbox\" target=\"_self\"><img decoding=\"async\" src=\"https:\/\/alt.bzi-rs.de\/wp-content\/uploads\/2023\/02\/P1120090_Elektrogrundausbildung_Schuetzschaltung_2-scaled.jpg\" width=\"2560\" height=\"2560\" alt=\"\" title=\"P1120090_Elektrogrundausbildung_Sch\u00fctzschaltung_2\" aria-label=\"P1120090_Elektrogrundausbildung_Sch\u00fctzschaltung_2\" class=\"img-responsive wp-image-13767\" srcset=\"https:\/\/alt.bzi-rs.de\/wp-content\/uploads\/2023\/02\/P1120090_Elektrogrundausbildung_Schuetzschaltung_2-200x200.jpg 200w, https:\/\/alt.bzi-rs.de\/wp-content\/uploads\/2023\/02\/P1120090_Elektrogrundausbildung_Schuetzschaltung_2-400x400.jpg 400w, https:\/\/alt.bzi-rs.de\/wp-content\/uploads\/2023\/02\/P1120090_Elektrogrundausbildung_Schuetzschaltung_2-600x600.jpg 600w, https:\/\/alt.bzi-rs.de\/wp-content\/uploads\/2023\/02\/P1120090_Elektrogrundausbildung_Schuetzschaltung_2-800x800.jpg 800w, https:\/\/alt.bzi-rs.de\/wp-content\/uploads\/2023\/02\/P1120090_Elektrogrundausbildung_Schuetzschaltung_2-1200x1200.jpg 1200w, https:\/\/alt.bzi-rs.de\/wp-content\/uploads\/2023\/02\/P1120090_Elektrogrundausbildung_Schuetzschaltung_2-scaled.jpg 2560w\" sizes=\"(min-width: 2200px) 100vw, (min-width: 928px) 236px, (min-width: 856px) 295px, (min-width: 784px) 393px, (min-width: 712px) 590px, (min-width: 640px) 712px, \" \/><\/a><\/div><\/div><div style=\"padding:5px;\" class=\"fusion-grid-column fusion-gallery-column fusion-gallery-column-5 hover-type-none\"><div class=\"fusion-gallery-image\"><a href=\"https:\/\/alt.bzi-rs.de\/wp-content\/uploads\/2023\/02\/P1120101_Elektrogrundausbildung_Schuetzschaltung_2-scaled.jpg\" rel=\"noreferrer\" data-rel=\"iLightbox[gallery_image_1]\" class=\"fusion-lightbox\" target=\"_self\"><img decoding=\"async\" src=\"https:\/\/alt.bzi-rs.de\/wp-content\/uploads\/2023\/02\/P1120101_Elektrogrundausbildung_Schuetzschaltung_2-scaled.jpg\" width=\"2560\" height=\"2560\" alt=\"\" title=\"P1120101_Elektrogrundausbildung_Sch\u00fctzschaltung_2\" aria-label=\"P1120101_Elektrogrundausbildung_Sch\u00fctzschaltung_2\" class=\"img-responsive wp-image-13768\" srcset=\"https:\/\/alt.bzi-rs.de\/wp-content\/uploads\/2023\/02\/P1120101_Elektrogrundausbildung_Schuetzschaltung_2-200x200.jpg 200w, https:\/\/alt.bzi-rs.de\/wp-content\/uploads\/2023\/02\/P1120101_Elektrogrundausbildung_Schuetzschaltung_2-400x400.jpg 400w, https:\/\/alt.bzi-rs.de\/wp-content\/uploads\/2023\/02\/P1120101_Elektrogrundausbildung_Schuetzschaltung_2-600x600.jpg 600w, https:\/\/alt.bzi-rs.de\/wp-content\/uploads\/2023\/02\/P1120101_Elektrogrundausbildung_Schuetzschaltung_2-800x800.jpg 800w, https:\/\/alt.bzi-rs.de\/wp-content\/uploads\/2023\/02\/P1120101_Elektrogrundausbildung_Schuetzschaltung_2-1200x1200.jpg 1200w, https:\/\/alt.bzi-rs.de\/wp-content\/uploads\/2023\/02\/P1120101_Elektrogrundausbildung_Schuetzschaltung_2-scaled.jpg 2560w\" sizes=\"(min-width: 2200px) 100vw, (min-width: 928px) 236px, (min-width: 856px) 295px, (min-width: 784px) 393px, (min-width: 712px) 590px, (min-width: 640px) 712px, \" \/><\/a><\/div><\/div><div style=\"padding:5px;\" class=\"fusion-grid-column fusion-gallery-column fusion-gallery-column-5 hover-type-none\"><div class=\"fusion-gallery-image\"><a href=\"https:\/\/alt.bzi-rs.de\/wp-content\/uploads\/2023\/02\/P1120121_Elektrogrundausbildung_Schuetzschaltung_2-scaled.jpg\" rel=\"noreferrer\" data-rel=\"iLightbox[gallery_image_1]\" class=\"fusion-lightbox\" target=\"_self\"><img decoding=\"async\" src=\"https:\/\/alt.bzi-rs.de\/wp-content\/uploads\/2023\/02\/P1120121_Elektrogrundausbildung_Schuetzschaltung_2-scaled.jpg\" width=\"2560\" height=\"2560\" alt=\"\" title=\"P1120121_Elektrogrundausbildung_Sch\u00fctzschaltung_2\" aria-label=\"P1120121_Elektrogrundausbildung_Sch\u00fctzschaltung_2\" class=\"img-responsive wp-image-13769\" srcset=\"https:\/\/alt.bzi-rs.de\/wp-content\/uploads\/2023\/02\/P1120121_Elektrogrundausbildung_Schuetzschaltung_2-200x200.jpg 200w, https:\/\/alt.bzi-rs.de\/wp-content\/uploads\/2023\/02\/P1120121_Elektrogrundausbildung_Schuetzschaltung_2-400x400.jpg 400w, https:\/\/alt.bzi-rs.de\/wp-content\/uploads\/2023\/02\/P1120121_Elektrogrundausbildung_Schuetzschaltung_2-600x600.jpg 600w, https:\/\/alt.bzi-rs.de\/wp-content\/uploads\/2023\/02\/P1120121_Elektrogrundausbildung_Schuetzschaltung_2-800x800.jpg 800w, https:\/\/alt.bzi-rs.de\/wp-content\/uploads\/2023\/02\/P1120121_Elektrogrundausbildung_Schuetzschaltung_2-1200x1200.jpg 1200w, https:\/\/alt.bzi-rs.de\/wp-content\/uploads\/2023\/02\/P1120121_Elektrogrundausbildung_Schuetzschaltung_2-scaled.jpg 2560w\" sizes=\"(min-width: 2200px) 100vw, (min-width: 928px) 236px, (min-width: 856px) 295px, (min-width: 784px) 393px, (min-width: 712px) 590px, (min-width: 640px) 712px, \" \/><\/a><\/div><\/div><div class=\"clearfix\"><\/div><div style=\"padding:5px;\" class=\"fusion-grid-column fusion-gallery-column fusion-gallery-column-5 hover-type-none\"><div class=\"fusion-gallery-image\"><a href=\"https:\/\/alt.bzi-rs.de\/wp-content\/uploads\/2023\/02\/P1120123_Elektrogrundausbildung_Schuetzschaltung_3_1-scaled.jpg\" rel=\"noreferrer\" data-rel=\"iLightbox[gallery_image_1]\" class=\"fusion-lightbox\" target=\"_self\"><img decoding=\"async\" src=\"https:\/\/alt.bzi-rs.de\/wp-content\/uploads\/2023\/02\/P1120123_Elektrogrundausbildung_Schuetzschaltung_3_1-scaled.jpg\" width=\"2560\" height=\"2560\" alt=\"\" title=\"P1120123_Elektrogrundausbildung_Sch\u00fctzschaltung_3_1\" aria-label=\"P1120123_Elektrogrundausbildung_Sch\u00fctzschaltung_3_1\" class=\"img-responsive wp-image-13770\" srcset=\"https:\/\/alt.bzi-rs.de\/wp-content\/uploads\/2023\/02\/P1120123_Elektrogrundausbildung_Schuetzschaltung_3_1-200x200.jpg 200w, https:\/\/alt.bzi-rs.de\/wp-content\/uploads\/2023\/02\/P1120123_Elektrogrundausbildung_Schuetzschaltung_3_1-400x400.jpg 400w, https:\/\/alt.bzi-rs.de\/wp-content\/uploads\/2023\/02\/P1120123_Elektrogrundausbildung_Schuetzschaltung_3_1-600x600.jpg 600w, https:\/\/alt.bzi-rs.de\/wp-content\/uploads\/2023\/02\/P1120123_Elektrogrundausbildung_Schuetzschaltung_3_1-800x800.jpg 800w, https:\/\/alt.bzi-rs.de\/wp-content\/uploads\/2023\/02\/P1120123_Elektrogrundausbildung_Schuetzschaltung_3_1-1200x1200.jpg 1200w, https:\/\/alt.bzi-rs.de\/wp-content\/uploads\/2023\/02\/P1120123_Elektrogrundausbildung_Schuetzschaltung_3_1-scaled.jpg 2560w\" sizes=\"(min-width: 2200px) 100vw, (min-width: 928px) 236px, (min-width: 856px) 295px, (min-width: 784px) 393px, (min-width: 712px) 590px, (min-width: 640px) 712px, \" \/><\/a><\/div><\/div><\/div><div class=\"fusion-clearfix\"><\/div><\/div><\/div><\/div><\/div><\/p>\n","protected":false},"excerpt":{"rendered":"","protected":false},"author":1,"featured_media":0,"parent":0,"menu_order":230,"comment_status":"closed","ping_status":"closed","template":"","meta":{"footnotes":""},"_links":{"self":[{"href":"https:\/\/alt.bzi-rs.de\/index.php\/wp-json\/wp\/v2\/pages\/65"}],"collection":[{"href":"https:\/\/alt.bzi-rs.de\/index.php\/wp-json\/wp\/v2\/pages"}],"about":[{"href":"https:\/\/alt.bzi-rs.de\/index.php\/wp-json\/wp\/v2\/types\/page"}],"author":[{"embeddable":true,"href":"https:\/\/alt.bzi-rs.de\/index.php\/wp-json\/wp\/v2\/users\/1"}],"replies":[{"embeddable":true,"href":"https:\/\/alt.bzi-rs.de\/index.php\/wp-json\/wp\/v2\/comments?post=65"}],"version-history":[{"count":20,"href":"https:\/\/alt.bzi-rs.de\/index.php\/wp-json\/wp\/v2\/pages\/65\/revisions"}],"predecessor-version":[{"id":13810,"href":"https:\/\/alt.bzi-rs.de\/index.php\/wp-json\/wp\/v2\/pages\/65\/revisions\/13810"}],"wp:attachment":[{"href":"https:\/\/alt.bzi-rs.de\/index.php\/wp-json\/wp\/v2\/media?parent=65"}],"curies":[{"name":"wp","href":"https:\/\/api.w.org\/{rel}","templated":true}]}}